CRAN Package Check Results for Package zonator

Last updated on 2022-10-07 12:55:20 CEST.

Flavor Version Tinstall Tcheck Ttotal Status Flags
r-devel-linux-x86_64-debian-clang 0.6.0 38.74 218.69 257.43 NOTE
r-devel-linux-x86_64-debian-gcc 0.6.0 33.67 175.15 208.82 NOTE
r-devel-linux-x86_64-fedora-clang 0.6.0 312.39 NOTE
r-devel-linux-x86_64-fedora-gcc 0.6.0 351.90 NOTE
r-devel-windows-x86_64 0.6.0 72.00 341.00 413.00 NOTE
r-patched-linux-x86_64 0.6.0 42.59 205.52 248.11 NOTE
r-release-linux-x86_64 0.6.0 33.70 207.66 241.36 NOTE
r-release-macos-arm64 0.6.0 90.00 NOTE
r-release-macos-x86_64 0.6.0 178.00 NOTE
r-release-windows-x86_64 0.6.0 109.00 334.00 443.00 NOTE
r-oldrel-macos-arm64 0.6.0 62.00 NOTE
r-oldrel-macos-x86_64 0.6.0 106.00 NOTE
r-oldrel-windows-ix86+x86_64 0.6.0 82.00 327.00 409.00 NOTE

Check Details

Version: 0.6.0
Check: package dependencies
Result: NOTE
    Package suggested but not available for checking: 'zdat'
Flavors: r-devel-linux-x86_64-debian-clang, r-devel-linux-x86_64-debian-gcc, r-devel-linux-x86_64-fedora-clang, r-devel-linux-x86_64-fedora-gcc, r-devel-windows-x86_64, r-patched-linux-x86_64, r-release-linux-x86_64, r-release-macos-arm64, r-release-macos-x86_64, r-release-windows-x86_64, r-oldrel-macos-arm64, r-oldrel-macos-x86_64, r-oldrel-windows-ix86+x86_64

Version: 0.6.0
Check: package subdirectories
Result: NOTE
    Problems with news in 'NEWS.md':
     Cannot extract version info from the following section titles:
     NEW DEPENDENCIES
Flavors: r-devel-linux-x86_64-debian-clang, r-devel-linux-x86_64-debian-gcc, r-devel-linux-x86_64-fedora-clang, r-devel-linux-x86_64-fedora-gcc, r-devel-windows-x86_64