CRAN Package Check Results for Package zoib

Last updated on 2021-09-19 13:49:44 CEST.

Flavor Version Tinstall Tcheck Ttotal Status Flags
r-devel-linux-x86_64-debian-clang 1.5.5 9.44 67.36 76.80 OK
r-devel-linux-x86_64-debian-gcc 1.5.5 8.39 53.63 62.02 OK
r-devel-linux-x86_64-fedora-clang 1.5.5 102.69 OK
r-devel-linux-x86_64-fedora-gcc 1.5.5 91.01 OK
r-devel-windows-x86_64 1.5.5 12.00 96.00 108.00 OK
r-devel-windows-x86_64-gcc10-UCRT 1.5.5 ERROR
r-patched-linux-x86_64 1.5.5 13.62 64.06 77.68 OK
r-patched-solaris-x86 1.5.5 152.70 OK
r-release-linux-x86_64 1.5.5 9.41 64.37 73.78 OK
r-release-macos-arm64 1.5.5 OK
r-release-macos-x86_64 1.5.5 OK
r-release-windows-ix86+x86_64 1.5.5 18.00 59.00 77.00 OK
r-oldrel-macos-x86_64 1.5.5 OK
r-oldrel-windows-ix86+x86_64 1.5.5 17.00 66.00 83.00 OK

Check Details

Version: 1.5.5
Check: whether package can be installed
Result: WARN
    Found the following significant warnings:
     WARNING: installation-time patches will not be applied, could not get the patches index
Flavor: r-devel-windows-x86_64-gcc10-UCRT

Version: 1.5.5
Check: PDF version of manual
Result: WARN
    LaTeX errors when creating PDF version.
    This typically indicates Rd problems.
Flavor: r-devel-windows-x86_64-gcc10-UCRT

Version: 1.5.5
Check: PDF version of manual without hyperrefs or index
Result: ERROR
    Re-running with no redirection of stdout/stderr.
Flavor: r-devel-windows-x86_64-gcc10-UCRT