CRAN Package Check Results for Package zipfR

Last updated on 2021-10-24 13:55:55 CEST.

Flavor Version Tinstall Tcheck Ttotal Status Flags
r-devel-linux-x86_64-debian-clang 0.6-70 8.31 98.40 106.71 OK
r-devel-linux-x86_64-debian-gcc 0.6-70 7.07 76.88 83.95 OK
r-devel-linux-x86_64-fedora-clang 0.6-70 145.62 NOTE
r-devel-linux-x86_64-fedora-gcc 0.6-70 136.38 NOTE
r-devel-windows-x86_64 0.6-70 15.00 120.00 135.00 OK
r-devel-windows-x86_64-gcc10-UCRT 0.6-70 NOTE
r-patched-linux-x86_64 0.6-70 9.90 89.90 99.80 OK
r-patched-solaris-x86 0.6-70 195.00 NOTE
r-release-linux-x86_64 0.6-70 8.57 90.26 98.83 OK
r-release-macos-arm64 0.6-70 NOTE
r-release-macos-x86_64 0.6-70 NOTE
r-release-windows-ix86+x86_64 0.6-70 17.00 107.00 124.00 OK
r-oldrel-macos-x86_64 0.6-70 NOTE
r-oldrel-windows-ix86+x86_64 0.6-70 12.00 104.00 116.00 OK

Check Details

Version: 0.6-70
Check: data for non-ASCII characters
Result: NOTE
     Note: found 146804 marked UTF-8 strings
Flavors: r-devel-linux-x86_64-fedora-clang, r-devel-linux-x86_64-fedora-gcc, r-devel-windows-x86_64-gcc10-UCRT, r-patched-solaris-x86, r-release-macos-arm64, r-release-macos-x86_64, r-oldrel-macos-x86_64