CRAN Package Check Results for Package yummlyr

Last updated on 2021-08-01 07:52:12 CEST.

Flavor Version Tinstall Tcheck Ttotal Status Flags
r-devel-linux-x86_64-debian-clang 0.1.1 2.28 27.00 29.28 NOTE
r-devel-linux-x86_64-debian-gcc 0.1.1 2.03 21.01 23.04 NOTE
r-devel-linux-x86_64-fedora-clang 0.1.1 45.19 NOTE
r-devel-linux-x86_64-fedora-gcc 0.1.1 52.60 NOTE
r-devel-windows-x86_64 0.1.1 4.00 47.00 51.00 NOTE
r-devel-windows-x86_64-gcc10-UCRT 0.1.1 NOTE
r-patched-linux-x86_64 0.1.1 NOTE
r-patched-solaris-x86 0.1.1 54.50 NOTE
r-release-linux-x86_64 0.1.1 2.41 26.06 28.47 NOTE
r-release-macos-arm64 0.1.1 NOTE
r-release-macos-x86_64 0.1.1 NOTE
r-release-windows-ix86+x86_64 0.1.1 5.00 37.00 42.00 NOTE
r-oldrel-macos-x86_64 0.1.1 OK
r-oldrel-windows-ix86+x86_64 0.1.1 4.00 46.00 50.00 OK

Check Details

Version: 0.1.1
Check: LazyData
Result: NOTE
     'LazyData' is specified without a 'data' directory
Flavors: r-devel-linux-x86_64-debian-clang, r-devel-linux-x86_64-debian-gcc, r-devel-linux-x86_64-fedora-clang, r-devel-linux-x86_64-fedora-gcc, r-devel-windows-x86_64, r-devel-windows-x86_64-gcc10-UCRT, r-patched-linux-x86_64, r-patched-solaris-x86, r-release-linux-x86_64, r-release-macos-arm64, r-release-macos-x86_64, r-release-windows-ix86+x86_64