CRAN Package Check Results for Package ymlthis

Last updated on 2021-06-21 22:57:21 CEST.

Flavor Version Tinstall Tcheck Ttotal Status Flags
r-devel-linux-x86_64-debian-clang 0.1.4 4.54 52.24 56.78 NOTE
r-devel-linux-x86_64-debian-gcc 0.1.4 3.88 40.00 43.88 NOTE
r-devel-linux-x86_64-fedora-clang 0.1.4 76.95 NOTE
r-devel-linux-x86_64-fedora-gcc 0.1.4 66.85 NOTE
r-devel-windows-x86_64 0.1.4 8.00 78.00 86.00 NOTE
r-devel-windows-x86_64-gcc10-UCRT 0.1.4 ERROR
r-patched-linux-x86_64 0.1.4 5.71 50.39 56.10 NOTE
r-patched-solaris-x86 0.1.4 79.00 NOTE
r-release-linux-x86_64 0.1.4 4.15 50.61 54.76 NOTE
r-release-macos-arm64 0.1.4 NOTE
r-release-macos-x86_64 0.1.4 NOTE
r-release-windows-ix86+x86_64 0.1.4 10.00 79.00 89.00 NOTE
r-oldrel-macos-x86_64 0.1.4 NOTE

Check Details

Version: 0.1.4
Check: LazyData
Result: NOTE
     'LazyData' is specified without a 'data' directory
Flavors: r-devel-linux-x86_64-debian-clang, r-devel-linux-x86_64-debian-gcc, r-devel-linux-x86_64-fedora-clang, r-devel-linux-x86_64-fedora-gcc, r-devel-windows-x86_64, r-patched-linux-x86_64, r-patched-solaris-x86, r-release-linux-x86_64, r-release-macos-arm64, r-release-macos-x86_64, r-release-windows-ix86+x86_64

Version: 0.1.4
Check: dependencies in R code
Result: NOTE
    Namespaces in Imports field not imported from:
     ‘miniUI’ ‘shinyBS’
     All declared Imports should be used.
Flavors: r-devel-linux-x86_64-fedora-clang, r-devel-linux-x86_64-fedora-gcc, r-patched-solaris-x86, r-release-macos-arm64, r-release-macos-x86_64, r-oldrel-macos-x86_64

Version: 0.1.4
Check: package dependencies
Result: ERROR
    Packages required but not available: 'usethis', 'whoami'
    
    Packages suggested but not available for checking: 'covr', 'pkgdown'
    
    See section 'The DESCRIPTION file' in the 'Writing R Extensions'
    manual.
Flavor: r-devel-windows-x86_64-gcc10-UCRT