CRAN Package Check Results for Package xslt

Last updated on 2021-08-01 13:49:59 CEST.

Flavor Version Tinstall Tcheck Ttotal Status Flags
r-devel-linux-x86_64-debian-clang 1.4.3 29.28 29.67 58.95 OK
r-devel-linux-x86_64-debian-gcc 1.4.3 16.48 23.46 39.94 OK
r-devel-linux-x86_64-fedora-clang 1.4.3 89.53 OK
r-devel-linux-x86_64-fedora-gcc 1.4.3 68.04 OK
r-devel-windows-x86_64 1.4.3 35.00 62.00 97.00 OK
r-devel-windows-x86_64-gcc10-UCRT 1.4.3 OK
r-patched-linux-x86_64 1.4.3 OK
r-patched-solaris-x86 1.4.3 83.90 OK
r-release-linux-x86_64 1.4.3 20.19 28.15 48.34 OK
r-release-macos-arm64 1.4.3 NOTE
r-release-macos-x86_64 1.4.3 NOTE
r-release-windows-ix86+x86_64 1.4.3 74.00 69.00 143.00 NOTE
r-oldrel-macos-x86_64 1.4.3 NOTE
r-oldrel-windows-ix86+x86_64 1.4.3 58.00 85.00 143.00 NOTE

Check Details

Version: 1.4.3
Check: installed package size
Result: NOTE
     installed size is 6.8Mb
     sub-directories of 1Mb or more:
     libs 6.6Mb
Flavors: r-release-macos-arm64, r-release-macos-x86_64, r-release-windows-ix86+x86_64, r-oldrel-macos-x86_64, r-oldrel-windows-ix86+x86_64