CRAN Package Check Results for Package xopen

Last updated on 2021-09-26 19:49:17 CEST.

Flavor Version Tinstall Tcheck Ttotal Status Flags
r-devel-linux-x86_64-debian-clang 1.0.0 1.81 23.16 24.97 NOTE
r-devel-linux-x86_64-debian-gcc 1.0.0 1.36 18.24 19.60 NOTE
r-devel-linux-x86_64-fedora-clang 1.0.0 39.67 NOTE
r-devel-linux-x86_64-fedora-gcc 1.0.0 28.74 NOTE
r-devel-windows-x86_64 1.0.0 3.00 33.00 36.00 NOTE
r-devel-windows-x86_64-gcc10-UCRT 1.0.0 NOTE
r-patched-linux-x86_64 1.0.0 1.83 22.37 24.20 NOTE
r-patched-solaris-x86 1.0.0 43.40 NOTE
r-release-linux-x86_64 1.0.0 1.91 22.55 24.46 NOTE
r-release-macos-arm64 1.0.0 NOTE
r-release-macos-x86_64 1.0.0 NOTE
r-release-windows-ix86+x86_64 1.0.0 5.00 33.00 38.00 NOTE
r-oldrel-macos-x86_64 1.0.0 OK
r-oldrel-windows-ix86+x86_64 1.0.0 5.00 31.00 36.00 OK

Check Details

Version: 1.0.0
Check: LazyData
Result: NOTE
     'LazyData' is specified without a 'data' directory
Flavors: r-devel-linux-x86_64-debian-clang, r-devel-linux-x86_64-debian-gcc, r-devel-linux-x86_64-fedora-clang, r-devel-linux-x86_64-fedora-gcc, r-devel-windows-x86_64, r-devel-windows-x86_64-gcc10-UCRT, r-patched-linux-x86_64, r-patched-solaris-x86, r-release-linux-x86_64, r-release-macos-arm64, r-release-macos-x86_64, r-release-windows-ix86+x86_64