Last updated on 2023-03-21 19:04:18 CET.
Flavor | Version | Tinstall | Tcheck | Ttotal | Status | Flags |
---|---|---|---|---|---|---|
r-devel-linux-x86_64-debian-clang | 1.0.5 | 1.86 | 21.91 | 23.77 | NOTE | |
r-devel-linux-x86_64-debian-gcc | 1.0.5 | 1.34 | 18.07 | 19.41 | NOTE | |
r-devel-linux-x86_64-fedora-clang | 1.0.5 | 31.77 | NOTE | |||
r-devel-linux-x86_64-fedora-gcc | 1.0.5 | 28.95 | NOTE | |||
r-patched-linux-x86_64 | 1.0.5 | 1.95 | 23.23 | 25.18 | NOTE | |
r-release-linux-x86_64 | 1.0.5 | 1.56 | 22.81 | 24.37 | NOTE | |
r-release-macos-arm64 | 1.0.5 | 15.00 | NOTE | |||
r-release-macos-x86_64 | 1.0.5 | 22.00 | NOTE | |||
r-release-windows-x86_64 | 1.0.5 | 10.00 | 48.00 | 58.00 | NOTE | |
r-oldrel-macos-arm64 | 1.0.5 | 17.00 | NOTE | |||
r-oldrel-macos-x86_64 | 1.0.5 | 25.00 | NOTE | |||
r-oldrel-windows-ix86+x86_64 | 1.0.5 | 6.00 | 49.00 | 55.00 | NOTE |
Version: 1.0.5
Check: LazyData
Result: NOTE
'LazyData' is specified without a 'data' directory
Flavors: r-devel-linux-x86_64-debian-clang, r-devel-linux-x86_64-debian-gcc, r-devel-linux-x86_64-fedora-clang, r-devel-linux-x86_64-fedora-gcc, r-patched-linux-x86_64, r-release-linux-x86_64, r-release-macos-arm64, r-release-macos-x86_64, r-release-windows-x86_64, r-oldrel-macos-arm64, r-oldrel-macos-x86_64, r-oldrel-windows-ix86+x86_64