CRAN Package Check Results for Package xmlparsedata

Last updated on 2021-09-25 19:50:22 CEST.

Flavor Version Tinstall Tcheck Ttotal Status Flags
r-devel-linux-x86_64-debian-clang 1.0.5 1.79 22.62 24.41 NOTE
r-devel-linux-x86_64-debian-gcc 1.0.5 1.27 18.04 19.31 NOTE
r-devel-linux-x86_64-fedora-clang 1.0.5 38.95 NOTE
r-devel-linux-x86_64-fedora-gcc 1.0.5 28.23 NOTE
r-devel-windows-x86_64 1.0.5 4.00 30.00 34.00 NOTE
r-devel-windows-x86_64-gcc10-UCRT 1.0.5 NOTE
r-patched-linux-x86_64 1.0.5 1.85 21.74 23.59 NOTE
r-patched-solaris-x86 1.0.5 46.90 NOTE
r-release-linux-x86_64 1.0.5 1.55 22.06 23.61 NOTE
r-release-macos-arm64 1.0.5 NOTE
r-release-macos-x86_64 1.0.5 NOTE
r-release-windows-ix86+x86_64 1.0.5 6.00 30.00 36.00 NOTE
r-oldrel-macos-x86_64 1.0.5 OK
r-oldrel-windows-ix86+x86_64 1.0.5 17.00 29.00 46.00 OK

Check Details

Version: 1.0.5
Check: LazyData
Result: NOTE
     'LazyData' is specified without a 'data' directory
Flavors: r-devel-linux-x86_64-debian-clang, r-devel-linux-x86_64-debian-gcc, r-devel-linux-x86_64-fedora-clang, r-devel-linux-x86_64-fedora-gcc, r-devel-windows-x86_64, r-devel-windows-x86_64-gcc10-UCRT, r-patched-linux-x86_64, r-patched-solaris-x86, r-release-linux-x86_64, r-release-macos-arm64, r-release-macos-x86_64, r-release-windows-ix86+x86_64