CRAN Package Check Results for Package xergm.common

Last updated on 2021-09-19 13:49:44 CEST.

Flavor Version Tinstall Tcheck Ttotal Status Flags
r-devel-linux-x86_64-debian-clang 1.7.8 9.11 85.48 94.59 OK
r-devel-linux-x86_64-debian-gcc 1.7.8 9.11 65.14 74.25 OK
r-devel-linux-x86_64-fedora-clang 1.7.8 122.81 NOTE
r-devel-linux-x86_64-fedora-gcc 1.7.8 110.47 OK
r-devel-windows-x86_64 1.7.8 14.00 108.00 122.00 OK
r-devel-windows-x86_64-gcc10-UCRT 1.7.8 ERROR
r-patched-linux-x86_64 1.7.8 9.98 81.83 91.81 OK
r-patched-solaris-x86 1.7.8 166.90 OK
r-release-linux-x86_64 1.7.8 8.92 82.00 90.92 OK
r-release-macos-arm64 1.7.8 OK
r-release-macos-x86_64 1.7.8 OK
r-release-windows-ix86+x86_64 1.7.8 23.00 79.00 102.00 OK
r-oldrel-macos-x86_64 1.7.8 OK
r-oldrel-windows-ix86+x86_64 1.7.8 23.00 76.00 99.00 OK

Check Details

Version: 1.7.8
Check: Rd cross-references
Result: NOTE
    Undeclared package ‘RSiena’ in Rd xrefs
Flavor: r-devel-linux-x86_64-fedora-clang

Version: 1.7.8
Check: whether package can be installed
Result: WARN
    Found the following significant warnings:
     WARNING: installation-time patches will not be applied, could not get the patches index
Flavor: r-devel-windows-x86_64-gcc10-UCRT

Version: 1.7.8
Check: PDF version of manual
Result: WARN
    LaTeX errors when creating PDF version.
    This typically indicates Rd problems.
Flavor: r-devel-windows-x86_64-gcc10-UCRT

Version: 1.7.8
Check: PDF version of manual without hyperrefs or index
Result: ERROR
    Re-running with no redirection of stdout/stderr.
Flavor: r-devel-windows-x86_64-gcc10-UCRT