Last updated on 2023-09-29 00:57:05 CEST.
Flavor | Version | Tinstall | Tcheck | Ttotal | Status | Flags |
---|---|---|---|---|---|---|
r-devel-linux-x86_64-debian-clang | 0.1.1 | 15.15 | 135.33 | 150.48 | OK | |
r-devel-linux-x86_64-debian-gcc | 0.1.1 | 13.36 | 101.65 | 115.01 | OK | |
r-devel-linux-x86_64-fedora-clang | 0.1.1 | 184.44 | NOTE | |||
r-devel-linux-x86_64-fedora-gcc | 0.1.1 | 186.48 | NOTE | |||
r-devel-windows-x86_64 | 0.1.1 | 15.00 | 110.00 | 125.00 | OK | |
r-patched-linux-x86_64 | 0.1.1 | 21.05 | 133.53 | 154.58 | OK | |
r-release-linux-x86_64 | 0.1.1 | 18.05 | 133.16 | 151.21 | OK | |
r-release-macos-arm64 | 0.1.1 | 55.00 | OK | |||
r-release-macos-x86_64 | 0.1.1 | 100.00 | OK | |||
r-release-windows-x86_64 | 0.1.1 | 19.00 | 132.00 | 151.00 | OK | |
r-oldrel-macos-arm64 | 0.1.1 | 91.00 | NOTE | |||
r-oldrel-macos-x86_64 | 0.1.1 | 141.00 | NOTE | |||
r-oldrel-windows-x86_64 | 0.1.1 | 18.00 | 129.00 | 147.00 | OK |
Version: 0.1.1
Check: dependencies in R code
Result: NOTE
Namespace in Imports field not imported from: ‘tcltk2’
All declared Imports should be used.
Flavors: r-devel-linux-x86_64-fedora-clang, r-devel-linux-x86_64-fedora-gcc, r-oldrel-macos-arm64, r-oldrel-macos-x86_64