Last updated on 2023-03-31 06:50:00 CEST.
Flavor | Version | Tinstall | Tcheck | Ttotal | Status | Flags |
---|---|---|---|---|---|---|
r-devel-linux-x86_64-debian-clang | 1.0.2 | 20.70 | 252.44 | 273.14 | OK | |
r-devel-linux-x86_64-debian-gcc | 1.0.2 | 18.49 | 184.99 | 203.48 | OK | |
r-devel-linux-x86_64-fedora-clang | 1.0.2 | 337.48 | OK | |||
r-devel-linux-x86_64-fedora-gcc | 1.0.2 | 334.99 | OK | |||
r-patched-linux-x86_64 | 1.0.2 | 21.23 | 236.01 | 257.24 | OK | |
r-release-linux-x86_64 | 1.0.2 | 17.53 | 236.98 | 254.51 | OK | |
r-release-macos-arm64 | 1.0.2 | 97.00 | OK | |||
r-release-macos-x86_64 | 1.0.2 | 119.00 | OK | |||
r-release-windows-x86_64 | 1.0.2 | 41.00 | 285.00 | 326.00 | OK | |
r-oldrel-macos-arm64 | 1.0.2 | 107.00 | OK | |||
r-oldrel-macos-x86_64 | 1.0.2 | 120.00 | OK | |||
r-oldrel-windows-ix86+x86_64 | 1.0.2 | 50.00 | 265.00 | 315.00 | NOTE |
Version: 1.0.2
Check: R code for possible problems
Result: NOTE
Initiating curl with CURL_SSL_BACKEND: openssl
Flavor: r-oldrel-windows-ix86+x86_64