CRAN Package Check Results for Package wru

Last updated on 2022-10-01 01:49:21 CEST.

Flavor Version Tinstall Tcheck Ttotal Status Flags
r-devel-linux-x86_64-debian-clang 1.0.0 61.34 85.11 146.45 OK
r-devel-linux-x86_64-debian-gcc 1.0.0 52.12 62.42 114.54 OK
r-devel-linux-x86_64-fedora-clang 1.0.0 211.55 NOTE
r-devel-linux-x86_64-fedora-gcc 1.0.0 191.51 NOTE
r-devel-windows-x86_64 1.0.0 59.00 125.00 184.00 OK
r-patched-linux-x86_64 1.0.0 56.17 79.71 135.88 OK
r-release-linux-x86_64 1.0.0 43.47 77.83 121.30 OK
r-release-macos-arm64 1.0.0 58.00 NOTE
r-release-macos-x86_64 1.0.0 71.00 NOTE
r-release-windows-x86_64 1.0.0 213.00 127.00 340.00 OK
r-oldrel-macos-arm64 1.0.0 56.00 NOTE
r-oldrel-macos-x86_64 1.0.0 70.00 NOTE
r-oldrel-windows-ix86+x86_64 1.0.0 139.00 138.00 277.00 NOTE

Check Details

Version: 1.0.0
Check: dependencies in R code
Result: NOTE
    Namespace in Imports field not imported from: ‘future’
     All declared Imports should be used.
Flavors: r-devel-linux-x86_64-fedora-clang, r-devel-linux-x86_64-fedora-gcc, r-release-macos-arm64, r-release-macos-x86_64, r-oldrel-macos-arm64, r-oldrel-macos-x86_64

Version: 1.0.0
Check: installed package size
Result: NOTE
     installed size is 5.8Mb
     sub-directories of 1Mb or more:
     data 4.1Mb
     libs 1.4Mb
Flavors: r-release-macos-arm64, r-release-macos-x86_64, r-oldrel-macos-arm64, r-oldrel-macos-x86_64, r-oldrel-windows-ix86+x86_64