Last updated on 2023-12-03 00:57:02 CET.
Flavor | Version | Tinstall | Tcheck | Ttotal | Status | Flags |
---|---|---|---|---|---|---|
r-devel-linux-x86_64-debian-clang | 1.0.4 | 26.27 | 67.03 | 93.30 | WARN | |
r-devel-linux-x86_64-debian-gcc | 1.0.4 | 22.53 | 50.34 | 72.87 | WARN | |
r-devel-linux-x86_64-fedora-clang | 1.0.4 | 113.75 | WARN | |||
r-devel-linux-x86_64-fedora-gcc | 1.0.4 | 136.33 | WARN | |||
r-devel-windows-x86_64 | 1.0.4 | 37.00 | 85.00 | 122.00 | WARN | |
r-patched-linux-x86_64 | 1.0.4 | 26.10 | 63.93 | 90.03 | OK | |
r-release-linux-x86_64 | 1.0.4 | 25.69 | 63.87 | 89.56 | OK | |
r-release-macos-arm64 | 1.0.4 | 48.00 | OK | |||
r-release-macos-x86_64 | 1.0.4 | 69.00 | OK | |||
r-release-windows-x86_64 | 1.0.4 | 46.00 | 148.00 | 194.00 | OK | |
r-oldrel-macos-arm64 | 1.0.4 | 41.00 | OK | |||
r-oldrel-macos-x86_64 | 1.0.4 | 52.00 | OK | |||
r-oldrel-windows-x86_64 | 1.0.4 | 44.00 | 90.00 | 134.00 | OK |
Version: 1.0.4
Check: whether package can be installed
Result: WARN
Found the following significant warnings:
dataobj.c:27:15: warning: format string is not a string literal (potentially insecure) [-Wformat-security]
dataobj.c:34:15: warning: format string is not a string literal (potentially insecure) [-Wformat-security]
dataobj.c:126:15: warning: format string is not a string literal (potentially insecure) [-Wformat-security]
dataobj.c:633:15: warning: format string is not a string literal (potentially insecure) [-Wformat-security]
dataobj.c:768:23: warning: format string is not a string literal (potentially insecure) [-Wformat-security]
dataobj.c:774:23: warning: format specifies type 'int' but the argument has type 'long' [-Wformat]
dataobj.c:842:15: warning: format string is not a string literal (potentially insecure) [-Wformat-security]
dataobj.c:868:15: warning: format string is not a string literal (potentially insecure) [-Wformat-security]
See ‘/home/hornik/tmp/R.check/r-devel-clang/Work/PKGS/wrassp.Rcheck/00install.out’ for details.
* used C compiler: ‘Debian clang version 17.0.5 (1)’
Flavor: r-devel-linux-x86_64-debian-clang
Version: 1.0.4
Check: whether package can be installed
Result: WARN
Found the following significant warnings:
dataobj.c:772:23: warning: format ‘%d’ expects argument of type ‘int’, but argument 2 has type ‘long int’ [-Wformat=]
See ‘/home/hornik/tmp/R.check/r-devel-gcc/Work/PKGS/wrassp.Rcheck/00install.out’ for details.
* used C compiler: ‘gcc-13 (Debian 13.2.0-5) 13.2.0’
Flavor: r-devel-linux-x86_64-debian-gcc
Version: 1.0.4
Check: whether package can be installed
Result: WARN
Found the following significant warnings:
dataobj.c:27:15: warning: format string is not a string literal (potentially insecure) [-Wformat-security]
dataobj.c:34:15: warning: format string is not a string literal (potentially insecure) [-Wformat-security]
dataobj.c:126:15: warning: format string is not a string literal (potentially insecure) [-Wformat-security]
dataobj.c:633:15: warning: format string is not a string literal (potentially insecure) [-Wformat-security]
dataobj.c:768:23: warning: format string is not a string literal (potentially insecure) [-Wformat-security]
dataobj.c:774:23: warning: format specifies type 'int' but the argument has type 'long' [-Wformat]
dataobj.c:842:15: warning: format string is not a string literal (potentially insecure) [-Wformat-security]
dataobj.c:868:15: warning: format string is not a string literal (potentially insecure) [-Wformat-security]
See ‘/data/gannet/ripley/R/packages/tests-clang/wrassp.Rcheck/00install.out’ for details.
* used C compiler: ‘clang version 17.0.5’
Flavor: r-devel-linux-x86_64-fedora-clang
Version: 1.0.4
Check: whether package can be installed
Result: WARN
Found the following significant warnings:
dataobj.c:772:23: warning: format '%d' expects argument of type 'int', but argument 2 has type 'long int' [-Wformat=]
See ‘/data/gannet/ripley/R/packages/tests-devel/wrassp.Rcheck/00install.out’ for details.
* used C compiler: ‘gcc-13 (GCC) 13.2.0’
Flavor: r-devel-linux-x86_64-fedora-gcc
Version: 1.0.4
Check: whether package can be installed
Result: WARN
Found the following significant warnings:
dataobj.c:772:23: warning: format '%d' expects argument of type 'int', but argument 2 has type 'long int' [-Wformat=]
See 'd:/Rcompile/CRANpkg/local/4.4/wrassp.Rcheck/00install.out' for details.
* used C compiler: 'gcc.exe (GCC) 12.3.0'
Flavor: r-devel-windows-x86_64