Last updated on 2023-03-23 12:52:24 CET.
Flavor | Version | Tinstall | Tcheck | Ttotal | Status | Flags |
---|---|---|---|---|---|---|
r-devel-linux-x86_64-debian-clang | 1.0.3 | 27.28 | 66.79 | 94.07 | OK | |
r-devel-linux-x86_64-debian-gcc | 1.0.3 | 20.64 | 51.42 | 72.06 | OK | |
r-devel-linux-x86_64-fedora-clang | 1.0.3 | 118.79 | WARN | |||
r-devel-linux-x86_64-fedora-gcc | 1.0.3 | 121.68 | OK | |||
r-patched-linux-x86_64 | 1.0.3 | 22.57 | 64.06 | 86.63 | OK | |
r-release-linux-x86_64 | 1.0.3 | 23.94 | 64.16 | 88.10 | OK | |
r-release-macos-arm64 | 1.0.3 | 37.00 | OK | |||
r-release-macos-x86_64 | 1.0.3 | 53.00 | OK | |||
r-release-windows-x86_64 | 1.0.3 | 89.00 | 227.00 | 316.00 | OK | |
r-oldrel-macos-arm64 | 1.0.3 | 43.00 | OK | |||
r-oldrel-macos-x86_64 | 1.0.3 | 57.00 | OK | |||
r-oldrel-windows-ix86+x86_64 | 1.0.3 | 80.00 | 141.00 | 221.00 | OK |
Version: 1.0.3
Check: whether package can be installed
Result: WARN
Found the following significant warnings:
assp/mhs.c:1023:6: warning: variable 'ns' is uninitialized when used here [-Wuninitialized]
See ‘/data/gannet/ripley/R/packages/tests-clang/wrassp.Rcheck/00install.out’ for details.
* used C compiler: ‘clang version 16.0.0’
Flavor: r-devel-linux-x86_64-fedora-clang