Last updated on 2022-06-26 00:51:53 CEST.
Flavor | Version | Tinstall | Tcheck | Ttotal | Status | Flags |
---|---|---|---|---|---|---|
r-devel-linux-x86_64-debian-clang | 2.2-1 | 2.52 | 36.77 | 39.29 | NOTE | |
r-devel-linux-x86_64-debian-gcc | 2.2-1 | 1.78 | 29.37 | 31.15 | NOTE | |
r-devel-linux-x86_64-fedora-clang | 2.2-1 | 58.40 | NOTE | |||
r-devel-linux-x86_64-fedora-gcc | 2.2-1 | 57.49 | NOTE | |||
r-devel-windows-x86_64 | 2.2-1 | 33.00 | 71.00 | 104.00 | NOTE | |
r-patched-linux-x86_64 | 2.2-1 | 3.17 | 35.88 | 39.05 | NOTE | |
r-release-linux-x86_64 | 2.2-1 | 2.91 | 35.80 | 38.71 | NOTE | |
r-release-macos-arm64 | 2.2-1 | 23.00 | NOTE | |||
r-release-macos-x86_64 | 2.2-1 | 35.00 | NOTE | |||
r-release-windows-x86_64 | 2.2-1 | 11.00 | 70.00 | 81.00 | NOTE | |
r-oldrel-macos-arm64 | 2.2-1 | 61.00 | NOTE | |||
r-oldrel-macos-x86_64 | 2.2-1 | 110.00 | NOTE | |||
r-oldrel-windows-ix86+x86_64 | 2.2-1 | 7.00 | 44.00 | 51.00 | NOTE |
Version: 2.2-1
Check: DESCRIPTION meta-information
Result: NOTE
Malformed Description field: should contain one or more complete sentences.
Flavors: r-devel-linux-x86_64-debian-clang, r-devel-linux-x86_64-debian-gcc, r-devel-linux-x86_64-fedora-clang, r-devel-linux-x86_64-fedora-gcc, r-devel-windows-x86_64, r-patched-linux-x86_64, r-release-linux-x86_64, r-release-macos-arm64, r-release-macos-x86_64, r-release-windows-x86_64, r-oldrel-macos-arm64, r-oldrel-macos-x86_64, r-oldrel-windows-ix86+x86_64
Version: 2.2-1
Check: installed package size
Result: NOTE
installed size is 12.8Mb
sub-directories of 1Mb or more:
data 12.7Mb
Flavors: r-devel-linux-x86_64-fedora-clang, r-devel-windows-x86_64, r-release-macos-arm64, r-release-macos-x86_64, r-release-windows-x86_64, r-oldrel-macos-arm64, r-oldrel-macos-x86_64, r-oldrel-windows-ix86+x86_64