CRAN Package Check Results for Package worldfootballR

Last updated on 2022-09-28 21:51:54 CEST.

Flavor Version Tinstall Tcheck Ttotal Status Flags
r-devel-linux-x86_64-debian-clang 0.6.0 14.83 103.34 118.17 OK
r-devel-linux-x86_64-debian-gcc 0.6.0 12.87 74.90 87.77 OK
r-devel-linux-x86_64-fedora-clang 0.6.0 155.56 NOTE
r-devel-linux-x86_64-fedora-gcc 0.6.0 146.93 OK
r-devel-windows-x86_64 0.6.0 138.00 178.00 316.00 OK
r-patched-linux-x86_64 0.6.0 16.20 93.17 109.37 OK
r-release-linux-x86_64 0.6.0 12.89 94.73 107.62 OK
r-release-macos-arm64 0.6.0 85.00 OK
r-release-macos-x86_64 0.6.0 106.00 OK
r-release-windows-x86_64 0.6.0 55.00 172.00 227.00 OK
r-oldrel-macos-arm64 0.6.0 85.00 OK
r-oldrel-macos-x86_64 0.6.0 107.00 OK
r-oldrel-windows-ix86+x86_64 0.6.0 32.00 170.00 202.00 OK

Check Details

Version: 0.6.0
Check: package dependencies
Result: NOTE
    Imports includes 22 non-default packages.
    Importing from so many packages makes the package vulnerable to any of
    them becoming unavailable. Move as many as possible to Suggests and
    use conditionally.
Flavor: r-devel-linux-x86_64-fedora-clang