CRAN Package Check Results for Package wilson

Last updated on 2021-06-21 22:57:21 CEST.

Flavor Version Tinstall Tcheck Ttotal Status Flags
r-devel-linux-x86_64-debian-clang 2.4.2 10.96 95.90 106.86 OK
r-devel-linux-x86_64-debian-gcc 2.4.2 8.57 72.54 81.11 OK
r-devel-linux-x86_64-fedora-clang 2.4.2 135.91 NOTE
r-devel-linux-x86_64-fedora-gcc 2.4.2 124.59 OK
r-devel-windows-x86_64 2.4.2 18.00 119.00 137.00 OK
r-devel-windows-x86_64-gcc10-UCRT 2.4.2 ERROR
r-patched-linux-x86_64 2.4.2 11.10 92.62 103.72 OK
r-patched-solaris-x86 2.4.2 167.80 OK
r-release-linux-x86_64 2.4.2 9.55 92.12 101.67 OK
r-release-macos-arm64 2.4.2 ERROR
r-release-macos-x86_64 2.4.2 OK
r-release-windows-ix86+x86_64 2.4.2 22.00 116.00 138.00 OK
r-oldrel-macos-x86_64 2.4.2 OK

Check Details

Version: 2.4.2
Check: package dependencies
Result: NOTE
    Imports includes 31 non-default packages.
    Importing from so many packages makes the package vulnerable to any of
    them becoming unavailable. Move as many as possible to Suggests and
    use conditionally.
Flavor: r-devel-linux-x86_64-fedora-clang

Version: 2.4.2
Check: package dependencies
Result: ERROR
    Packages required but not available:
     'plotly', 'DESeq2', 'FactoMineR', 'factoextra', 'heatmaply'
    
    See section 'The DESCRIPTION file' in the 'Writing R Extensions'
    manual.
Flavor: r-devel-windows-x86_64-gcc10-UCRT

Version: 2.4.2
Check: package dependencies
Result: ERROR
    Packages required but not available: 'ComplexHeatmap', 'DESeq2'
    
    See section ‘The DESCRIPTION file’ in the ‘Writing R Extensions’
    manual.
Flavor: r-release-macos-arm64