Last updated on 2023-02-08 06:56:42 CET.
Flavor | Version | Tinstall | Tcheck | Ttotal | Status | Flags |
---|---|---|---|---|---|---|
r-devel-linux-x86_64-debian-clang | 2.0.0 | 44.33 | 200.94 | 245.27 | NOTE | |
r-devel-linux-x86_64-debian-gcc | 2.0.0 | 36.04 | 143.83 | 179.87 | NOTE | |
r-devel-linux-x86_64-fedora-clang | 2.0.0 | 305.58 | NOTE | |||
r-devel-linux-x86_64-fedora-gcc | 2.0.0 | 335.00 | NOTE | |||
r-devel-windows-x86_64 | 2.0.0 | 124.00 | 275.00 | 399.00 | NOTE | |
r-patched-linux-x86_64 | 2.0.0 | 35.44 | 182.36 | 217.80 | OK | |
r-release-linux-x86_64 | 2.0.0 | 31.13 | 167.52 | 198.65 | OK | |
r-release-macos-arm64 | 2.0.0 | 72.00 | OK | |||
r-release-macos-x86_64 | 2.0.0 | 122.00 | OK | |||
r-release-windows-x86_64 | 2.0.0 | 94.00 | 272.00 | 366.00 | OK | |
r-oldrel-macos-arm64 | 2.0.0 | 90.00 | OK | |||
r-oldrel-macos-x86_64 | 2.0.0 | 133.00 | OK | |||
r-oldrel-windows-ix86+x86_64 | 2.0.0 | 111.00 | 350.00 | 461.00 | OK |
Version: 2.0.0
Check: C++ specification
Result: NOTE
Specified C++11: please update to current default of C++17
Flavors: r-devel-linux-x86_64-debian-clang, r-devel-windows-x86_64
Version: 2.0.0
Check: C++ specification
Result: NOTE
Specified C++11: please drop specification unless essential
Flavors: r-devel-linux-x86_64-debian-gcc, r-devel-linux-x86_64-fedora-clang, r-devel-linux-x86_64-fedora-gcc