CRAN Package Check Results for Package webreadr

Last updated on 2021-08-01 13:49:58 CEST.

Flavor Version Tinstall Tcheck Ttotal Status Flags
r-devel-linux-x86_64-debian-clang 0.4.0 21.82 43.92 65.74 OK
r-devel-linux-x86_64-debian-gcc 0.4.0 15.33 32.98 48.31 OK
r-devel-linux-x86_64-fedora-clang 0.4.0 96.15 NOTE
r-devel-linux-x86_64-fedora-gcc 0.4.0 79.58 NOTE
r-devel-windows-x86_64 0.4.0 27.00 74.00 101.00 OK
r-devel-windows-x86_64-gcc10-UCRT 0.4.0 OK
r-patched-linux-x86_64 0.4.0 OK
r-patched-solaris-x86 0.4.0 101.70 NOTE
r-release-linux-x86_64 0.4.0 17.17 40.70 57.87 OK
r-release-macos-arm64 0.4.0 OK
r-release-macos-x86_64 0.4.0 OK
r-release-windows-ix86+x86_64 0.4.0 53.00 76.00 129.00 OK
r-oldrel-macos-x86_64 0.4.0 OK
r-oldrel-windows-ix86+x86_64 0.4.0 41.00 92.00 133.00 OK

Check Details

Version: 0.4.0
Check: compiled code
Result: NOTE
    File ‘webreadr/libs/webreadr.so’:
     Found no calls to: ‘R_registerRoutines’, ‘R_useDynamicSymbols’
    
    It is good practice to register native routines and to disable symbol
    search.
    
    See ‘Writing portable packages’ in the ‘Writing R Extensions’ manual.
Flavors: r-devel-linux-x86_64-fedora-clang, r-devel-linux-x86_64-fedora-gcc

Version: 0.4.0
Check: package dependencies
Result: NOTE
    Package suggested but not available for checking: ‘iptools’
Flavor: r-patched-solaris-x86