CRAN Package Check Results for Package webglobe

Last updated on 2021-08-04 13:53:24 CEST.

Flavor Version Tinstall Tcheck Ttotal Status Flags
r-devel-linux-x86_64-debian-clang 1.0.3 8.18 78.70 86.88 OK
r-devel-linux-x86_64-debian-gcc 1.0.3 7.19 60.81 68.00 OK
r-devel-linux-x86_64-fedora-clang 1.0.3 113.94 NOTE
r-devel-linux-x86_64-fedora-gcc 1.0.3 104.08 OK
r-devel-windows-x86_64 1.0.3 37.00 140.00 177.00 NOTE
r-devel-windows-x86_64-gcc10-UCRT 1.0.3 OK
r-patched-linux-x86_64 1.0.3 7.97 74.11 82.08 OK
r-patched-solaris-x86 1.0.3 168.20 NOTE
r-release-linux-x86_64 1.0.3 8.77 74.19 82.96 OK
r-release-macos-arm64 1.0.3 NOTE
r-release-macos-x86_64 1.0.3 NOTE
r-release-windows-ix86+x86_64 1.0.3 37.00 116.00 153.00 NOTE
r-oldrel-macos-x86_64 1.0.3 NOTE
r-oldrel-windows-ix86+x86_64 1.0.3 25.00 140.00 165.00 NOTE

Check Details

Version: 1.0.3
Check: installed package size
Result: NOTE
     installed size is 10.8Mb
     sub-directories of 1Mb or more:
     client 9.6Mb
     doc 1.0Mb
Flavors: r-devel-linux-x86_64-fedora-clang, r-devel-windows-x86_64, r-patched-solaris-x86, r-release-macos-arm64, r-release-macos-x86_64, r-release-windows-ix86+x86_64, r-oldrel-macos-x86_64, r-oldrel-windows-ix86+x86_64