CRAN Package Check Results for Package wbstats

Last updated on 2024-04-21 00:57:44 CEST.

Flavor Version Tinstall Tcheck Ttotal Status Flags
r-devel-linux-x86_64-debian-clang 1.0.4 8.05 56.07 64.12 OK
r-devel-linux-x86_64-debian-gcc 1.0.4 5.43 41.09 46.52 OK
r-devel-linux-x86_64-fedora-clang 1.0.4 79.55 NOTE
r-devel-linux-x86_64-fedora-gcc 1.0.4 86.58 NOTE
r-prerel-macos-arm64 1.0.4 34.00 OK
r-prerel-windows-x86_64 1.0.4 8.00 70.00 78.00 OK
r-patched-linux-x86_64 1.0.4 5.82 52.97 58.79 OK
r-release-linux-x86_64 1.0.4 4.38 52.19 56.57 OK
r-release-macos-arm64 1.0.4 35.00 OK
r-release-macos-x86_64 1.0.4 55.00 OK
r-release-windows-x86_64 1.0.4 9.00 72.00 81.00 OK
r-oldrel-macos-arm64 1.0.4 28.00 NOTE
r-oldrel-windows-x86_64 1.0.4 10.00 69.00 79.00 OK

Check Details

Version: 1.0.4
Check: data for non-ASCII characters
Result: NOTE Note: found 3133 marked UTF-8 strings Flavors: r-devel-linux-x86_64-fedora-clang, r-devel-linux-x86_64-fedora-gcc, r-oldrel-macos-arm64