CRAN Package Check Results for Package warabandi

Last updated on 2021-11-26 19:53:09 CET.

Flavor Version Tinstall Tcheck Ttotal Status Flags
r-devel-linux-x86_64-debian-clang 0.1.0 2.05 27.56 29.61 OK
r-devel-linux-x86_64-debian-gcc 0.1.0 1.83 22.14 23.97 OK
r-devel-linux-x86_64-fedora-clang 0.1.0 47.12 NOTE
r-devel-linux-x86_64-fedora-gcc 0.1.0 36.48 NOTE
r-devel-windows-x86_64-new-UL 0.1.0 8.00 65.00 73.00 OK
r-devel-windows-x86_64-new-TK 0.1.0 NOTE
r-devel-windows-x86_64-old 0.1.0 4.00 48.00 52.00 OK
r-patched-linux-x86_64 0.1.0 2.55 26.09 28.64 OK
r-patched-solaris-x86 0.1.0 50.20 NOTE
r-release-linux-x86_64 0.1.0 OK
r-release-macos-arm64 0.1.0 NOTE
r-release-macos-x86_64 0.1.0 NOTE
r-release-windows-ix86+x86_64 0.1.0 6.00 37.00 43.00 OK
r-oldrel-macos-x86_64 0.1.0 NOTE
r-oldrel-windows-ix86+x86_64 0.1.0 6.00 45.00 51.00 OK

Check Details

Version: 0.1.0
Check: dependencies in R code
Result: NOTE
    Namespace in Imports field not imported from: ‘flextable’
     All declared Imports should be used.
Flavors: r-devel-linux-x86_64-fedora-clang, r-devel-linux-x86_64-fedora-gcc, r-devel-windows-x86_64-new-TK, r-patched-solaris-x86, r-release-macos-arm64, r-release-macos-x86_64, r-oldrel-macos-x86_64