CRAN Package Check Results for Package waiter

Last updated on 2024-06-16 00:58:35 CEST.

Flavor Version Tinstall Tcheck Ttotal Status Flags
r-devel-linux-x86_64-debian-clang 0.2.5 8.22 52.88 61.10 OK
r-devel-linux-x86_64-debian-gcc 0.2.5 7.59 39.27 46.86 OK
r-devel-linux-x86_64-fedora-clang 0.2.5 78.55 NOTE
r-devel-linux-x86_64-fedora-gcc 0.2.5 87.01 NOTE
r-devel-windows-x86_64 0.2.5 9.00 63.00 72.00 OK
r-patched-linux-x86_64 0.2.5 10.36 50.50 60.86 OK
r-release-linux-x86_64 0.2.5 8.37 50.21 58.58 OK
r-release-macos-arm64 0.2.5 30.00 OK
r-release-macos-x86_64 0.2.5 46.00 OK
r-release-windows-x86_64 0.2.5 10.00 64.00 74.00 OK
r-oldrel-macos-arm64 0.2.5 33.00 OK
r-oldrel-macos-x86_64 0.2.5 49.00 OK
r-oldrel-windows-x86_64 0.2.5 12.00 70.00 82.00 OK

Check Details

Version: 0.2.5
Check: dependencies in R code
Result: NOTE Namespace in Imports field not imported from: ‘R6’ All declared Imports should be used. Flavors: r-devel-linux-x86_64-fedora-clang, r-devel-linux-x86_64-fedora-gcc