CRAN Package Check Results for Package vtable

Last updated on 2021-09-20 19:53:18 CEST.

Flavor Version Tinstall Tcheck Ttotal Status Flags
r-devel-linux-x86_64-debian-clang 1.3.3 9.90 66.08 75.98 OK
r-devel-linux-x86_64-debian-gcc 1.3.3 7.08 50.75 57.83 OK
r-devel-linux-x86_64-fedora-clang 1.3.3 98.17 OK
r-devel-linux-x86_64-fedora-gcc 1.3.3 87.17 OK
r-devel-windows-x86_64 1.3.3 8.00 71.00 79.00 OK
r-devel-windows-x86_64-gcc10-UCRT 1.3.3 ERROR
r-patched-linux-x86_64 1.3.3 9.77 67.82 77.59 OK
r-patched-solaris-x86 1.3.3 124.10 OK
r-release-linux-x86_64 1.3.3 7.51 68.40 75.91 OK
r-release-macos-arm64 1.3.3 OK
r-release-macos-x86_64 1.3.3 OK
r-release-windows-ix86+x86_64 1.3.3 18.00 73.00 91.00 OK
r-oldrel-macos-x86_64 1.3.3 OK
r-oldrel-windows-ix86+x86_64 1.3.3 23.00 68.00 91.00 OK

Check Details

Version: 1.3.3
Check: whether package can be installed
Result: WARN
    Found the following significant warnings:
     WARNING: installation-time patches will not be applied, could not get the patches index
Flavor: r-devel-windows-x86_64-gcc10-UCRT

Version: 1.3.3
Check: PDF version of manual
Result: WARN
    LaTeX errors when creating PDF version.
    This typically indicates Rd problems.
Flavor: r-devel-windows-x86_64-gcc10-UCRT

Version: 1.3.3
Check: PDF version of manual without hyperrefs or index
Result: ERROR
    Re-running with no redirection of stdout/stderr.
Flavor: r-devel-windows-x86_64-gcc10-UCRT