CRAN Package Check Results for Package vprr

Last updated on 2022-10-02 12:56:09 CEST.

Flavor Version Tinstall Tcheck Ttotal Status Flags
r-devel-linux-x86_64-debian-clang 0.2.3 17.34 113.68 131.02 OK
r-devel-linux-x86_64-debian-gcc 0.2.3 13.12 86.16 99.28 OK
r-devel-linux-x86_64-fedora-clang 0.2.3 167.05 NOTE
r-devel-linux-x86_64-fedora-gcc 0.2.3 161.98 NOTE
r-devel-windows-x86_64 0.2.3 132.00 151.00 283.00 NOTE
r-patched-linux-x86_64 0.2.3 22.14 106.35 128.49 OK
r-release-linux-x86_64 0.2.3 11.92 104.81 116.73 OK
r-release-macos-arm64 0.2.3 48.00 NOTE
r-release-macos-x86_64 0.2.3 68.00 NOTE
r-release-windows-x86_64 0.2.3 103.00 159.00 262.00 NOTE
r-oldrel-macos-arm64 0.2.3 47.00 NOTE
r-oldrel-macos-x86_64 0.2.3 65.00 NOTE
r-oldrel-windows-ix86+x86_64 0.2.3 39.00 135.00 174.00 NOTE

Check Details

Version: 0.2.3
Check: installed package size
Result: NOTE
     installed size is 9.9Mb
     sub-directories of 1Mb or more:
     extdata 8.6Mb
Flavors: r-devel-linux-x86_64-fedora-clang, r-devel-windows-x86_64, r-release-macos-arm64, r-release-macos-x86_64, r-release-windows-x86_64, r-oldrel-macos-arm64, r-oldrel-macos-x86_64, r-oldrel-windows-ix86+x86_64

Version: 0.2.3
Check: dependencies in R code
Result: NOTE
    Namespace in Imports field not imported from: ‘usethis’
     All declared Imports should be used.
Flavors: r-devel-linux-x86_64-fedora-clang, r-devel-linux-x86_64-fedora-gcc, r-release-macos-arm64, r-release-macos-x86_64, r-oldrel-macos-arm64, r-oldrel-macos-x86_64