CRAN Package Check Results for Package voteogram

Last updated on 2021-08-01 13:49:58 CEST.

Flavor Version Tinstall Tcheck Ttotal Status Flags
r-devel-linux-x86_64-debian-clang 0.3.1 4.42 68.07 72.49 OK
r-devel-linux-x86_64-debian-gcc 0.3.1 3.78 50.67 54.45 OK
r-devel-linux-x86_64-fedora-clang 0.3.1 93.49 OK
r-devel-linux-x86_64-fedora-gcc 0.3.1 78.52 OK
r-devel-windows-x86_64 0.3.1 8.00 85.00 93.00 OK
r-devel-windows-x86_64-gcc10-UCRT 0.3.1 OK
r-patched-linux-x86_64 0.3.1 OK
r-patched-solaris-x86 0.3.1 111.30 OK
r-release-linux-x86_64 0.3.1 4.76 63.18 67.94 OK
r-release-macos-arm64 0.3.1 WARN
r-release-macos-x86_64 0.3.1 OK
r-release-windows-ix86+x86_64 0.3.1 13.00 60.00 73.00 OK
r-oldrel-macos-x86_64 0.3.1 OK
r-oldrel-windows-ix86+x86_64 0.3.1 12.00 83.00 95.00 OK

Check Details

Version: 0.3.1
Check: re-building of vignette outputs
Result: WARN
    Error(s) in re-building vignettes:
     ...
    --- re-building ‘intro_to_voteogram.Rmd’ using rmarkdown
    Warning in engine$weave(file, quiet = quiet, encoding = enc) :
     Pandoc (>= 1.12.3) not available. Falling back to R Markdown v1.
    Quitting from lines 65-68 (intro_to_voteogram.Rmd)
    Error: processing vignette 'intro_to_voteogram.Rmd' failed with diagnostics:
    polygon edge not found
    --- failed re-building ‘intro_to_voteogram.Rmd’
    
    SUMMARY: processing the following file failed:
     ‘intro_to_voteogram.Rmd’
    
    Error: Vignette re-building failed.
    Execution halted
Flavor: r-release-macos-arm64