Last updated on 2023-03-30 12:55:35 CEST.
Flavor | Version | Tinstall | Tcheck | Ttotal | Status | Flags |
---|---|---|---|---|---|---|
r-devel-linux-x86_64-debian-clang | 0.1.1 | 8.71 | 88.32 | 97.03 | OK | |
r-devel-linux-x86_64-debian-gcc | 0.1.1 | 7.85 | 64.76 | 72.61 | OK | |
r-devel-linux-x86_64-fedora-clang | 0.1.1 | 116.35 | OK | |||
r-devel-linux-x86_64-fedora-gcc | 0.1.1 | 112.55 | OK | |||
r-patched-linux-x86_64 | 0.1.1 | 9.47 | 80.37 | 89.84 | OK | |
r-release-linux-x86_64 | 0.1.1 | 8.44 | 82.35 | 90.79 | OK | |
r-release-macos-arm64 | 0.1.1 | 34.00 | OK | |||
r-release-macos-x86_64 | 0.1.1 | 55.00 | OK | |||
r-release-windows-x86_64 | 0.1.1 | 16.00 | 120.00 | 136.00 | OK | |
r-oldrel-macos-arm64 | 0.1.1 | 39.00 | OK | |||
r-oldrel-macos-x86_64 | 0.1.1 | 53.00 | OK | |||
r-oldrel-windows-ix86+x86_64 | 0.1.1 | 25.00 | 109.00 | 134.00 | NOTE |
Version: 0.1.1
Check: R code for possible problems
Result: NOTE
Initiating curl with CURL_SSL_BACKEND: openssl
Flavor: r-oldrel-windows-ix86+x86_64