CRAN Package Check Results for Package vizdraws

Last updated on 2021-12-07 20:52:57 CET.

Flavor Version Tinstall Tcheck Ttotal Status Flags
r-devel-linux-x86_64-debian-clang 1.1 2.18 32.93 35.11 NOTE
r-devel-linux-x86_64-debian-gcc 1.1 1.81 26.09 27.90 NOTE
r-devel-linux-x86_64-fedora-clang 1.1 49.51 NOTE
r-devel-linux-x86_64-fedora-gcc 1.1 33.00 NOTE
r-devel-windows-x86_64-new-UL 1.1 9.00 79.00 88.00 NOTE
r-devel-windows-x86_64-new-TK 1.1 NOTE
r-devel-windows-x86_64-old 1.1 5.00 37.00 42.00 NOTE
r-patched-linux-x86_64 1.1 2.34 31.98 34.32 NOTE
r-release-linux-x86_64 1.1 2.27 31.83 34.10 NOTE
r-release-macos-arm64 1.1 NOTE
r-release-macos-x86_64 1.1 WARN
r-release-windows-ix86+x86_64 1.1 5.00 44.00 49.00 NOTE
r-oldrel-macos-x86_64 1.1 WARN
r-oldrel-windows-ix86+x86_64 1.1 5.00 42.00 47.00 OK

Check Details

Version: 1.1
Check: LazyData
Result: NOTE
     'LazyData' is specified without a 'data' directory
Flavors: r-devel-linux-x86_64-debian-clang, r-devel-linux-x86_64-debian-gcc, r-devel-linux-x86_64-fedora-clang, r-devel-linux-x86_64-fedora-gcc, r-devel-windows-x86_64-new-UL, r-devel-windows-x86_64-new-TK, r-devel-windows-x86_64-old, r-patched-linux-x86_64, r-release-linux-x86_64, r-release-macos-arm64, r-release-macos-x86_64, r-release-windows-ix86+x86_64

Version: 1.1
Check: dependencies in R code
Result: NOTE
    Namespaces in Imports field not imported from:
     ‘glue’ ‘tidyr’
     All declared Imports should be used.
Flavors: r-devel-linux-x86_64-fedora-clang, r-devel-linux-x86_64-fedora-gcc, r-devel-windows-x86_64-new-TK, r-release-macos-arm64, r-release-macos-x86_64, r-oldrel-macos-x86_64

Version: 1.1
Check: re-building of vignette outputs
Result: WARN
    Error(s) in re-building vignettes:
     ...
    --- re-building ‘introduction.Rmd’ using rmarkdown
    Warning in engine$weave(file, quiet = quiet, encoding = enc) :
     Pandoc (>= 1.12.3) not available. Falling back to R Markdown v1.
    --- finished re-building ‘introduction.Rmd’
    
    --- re-building ‘shiny-example.Rmd’ using rmarkdown
    Warning in engine$weave(file, quiet = quiet, encoding = enc) :
     Pandoc (>= 1.12.3) not available. Falling back to R Markdown v1.
    Quitting from lines 61-63 (shiny-example.Rmd)
    Error: processing vignette 'shiny-example.Rmd' failed with diagnostics:
    invalid 'path' argument
    --- failed re-building ‘shiny-example.Rmd’
    
    SUMMARY: processing the following file failed:
     ‘shiny-example.Rmd’
    
    Error: Vignette re-building failed.
    Execution halted
Flavor: r-release-macos-x86_64

Version: 1.1
Check: re-building of vignette outputs
Result: WARN
    Error(s) in re-building vignettes:
     ...
    --- re-building ‘introduction.Rmd’ using rmarkdown
    Warning in engine$weave(file, quiet = quiet, encoding = enc) :
     Pandoc (>= 1.12.3) and/or pandoc-citeproc not available. Falling back to R Markdown v1.
    --- finished re-building ‘introduction.Rmd’
    
    --- re-building ‘shiny-example.Rmd’ using rmarkdown
    Warning in engine$weave(file, quiet = quiet, encoding = enc) :
     Pandoc (>= 1.12.3) and/or pandoc-citeproc not available. Falling back to R Markdown v1.
    Quitting from lines 61-63 (shiny-example.Rmd)
    Error: processing vignette 'shiny-example.Rmd' failed with diagnostics:
    cannot open the connection
    --- failed re-building ‘shiny-example.Rmd’
    
    SUMMARY: processing the following file failed:
     ‘shiny-example.Rmd’
    
    Error: Vignette re-building failed.
    Execution halted
Flavor: r-oldrel-macos-x86_64