Last updated on 2023-03-23 06:52:39 CET.
Flavor | Version | Tinstall | Tcheck | Ttotal | Status | Flags |
---|---|---|---|---|---|---|
r-devel-linux-x86_64-debian-clang | 0.2.1 | 6.35 | 90.42 | 96.77 | NOTE | |
r-devel-linux-x86_64-debian-gcc | 0.2.1 | 4.75 | 69.10 | 73.85 | NOTE | |
r-devel-linux-x86_64-fedora-clang | 0.2.1 | 118.42 | NOTE | |||
r-devel-linux-x86_64-fedora-gcc | 0.2.1 | 125.41 | NOTE | |||
r-patched-linux-x86_64 | 0.2.1 | 5.16 | 88.19 | 93.35 | NOTE | |
r-release-linux-x86_64 | 0.2.1 | 4.28 | 87.74 | 92.02 | NOTE | |
r-release-macos-arm64 | 0.2.1 | 61.00 | NOTE | |||
r-release-macos-x86_64 | 0.2.1 | 72.00 | NOTE | |||
r-release-windows-x86_64 | 0.2.1 | 22.00 | 189.00 | 211.00 | NOTE | |
r-oldrel-macos-arm64 | 0.2.1 | 66.00 | NOTE | |||
r-oldrel-macos-x86_64 | 0.2.1 | 75.00 | NOTE | |||
r-oldrel-windows-ix86+x86_64 | 0.2.1 | 14.00 | 117.00 | 131.00 | NOTE |
Version: 0.2.1
Check: LazyData
Result: NOTE
'LazyData' is specified without a 'data' directory
Flavors: r-devel-linux-x86_64-debian-clang, r-devel-linux-x86_64-debian-gcc, r-devel-linux-x86_64-fedora-clang, r-devel-linux-x86_64-fedora-gcc, r-patched-linux-x86_64, r-release-linux-x86_64, r-release-macos-arm64, r-release-macos-x86_64, r-release-windows-x86_64, r-oldrel-macos-arm64, r-oldrel-macos-x86_64, r-oldrel-windows-ix86+x86_64