CRAN Package Check Results for Package viewpoly

Last updated on 2022-10-07 21:51:24 CEST.

Flavor Version Tinstall Tcheck Ttotal Status Flags
r-devel-linux-x86_64-debian-clang 0.2.0 21.88 207.77 229.65 OK
r-devel-linux-x86_64-debian-gcc 0.2.0 15.48 152.57 168.05 OK
r-devel-linux-x86_64-fedora-clang 0.2.0 297.92 NOTE
r-devel-linux-x86_64-fedora-gcc 0.2.0 294.23 OK
r-devel-windows-x86_64 0.2.0 54.00 298.00 352.00 NOTE
r-patched-linux-x86_64 0.2.0 19.39 195.65 215.04 OK
r-release-linux-x86_64 0.2.0 15.63 193.99 209.62 OK
r-release-macos-arm64 0.2.0 155.00 NOTE
r-release-macos-x86_64 0.2.0 177.00 ERROR
r-release-windows-x86_64 0.2.0 50.00 283.00 333.00 ERROR
r-oldrel-macos-arm64 0.2.0 162.00 NOTE
r-oldrel-macos-x86_64 0.2.0 178.00 ERROR
r-oldrel-windows-ix86+x86_64 0.2.0 44.00 283.00 327.00 NOTE

Additional issues

MKL

Check Details

Version: 0.2.0
Check: installed package size
Result: NOTE
     installed size is 5.3Mb
     sub-directories of 1Mb or more:
     ext 4.5Mb
Flavors: r-devel-linux-x86_64-fedora-clang, r-devel-windows-x86_64, r-release-macos-arm64, r-release-macos-x86_64, r-release-windows-x86_64, r-oldrel-macos-arm64, r-oldrel-macos-x86_64, r-oldrel-windows-ix86+x86_64

Version: 0.2.0
Check: tests
Result: ERROR
     Running ‘testthat.R’ [36s/117s]
    Running the tests in ‘tests/testthat.R’ failed.
    Last 13 lines of output:
     destfile = input.data$datapath)`: download from 'https://www.polyploids.org/sites/default/files/2022-04/tetra_QTLpoly_data.RData' failed
     Backtrace:
     ▆
     1. └─utils::download.file(...) at test-QTLpoly.R:11:2
    
     [ FAIL 1 | WARN 2 | SKIP 2 | PASS 89 ]
     Deleting unused snapshots:
     • tetra_example/effects-bar.svg
     • tetra_example/effects-circle.svg
     • tetra_example/effects-digenic.svg
     • tetra_example/linkage-map-draw-names.svg
     • tetra_example/plot-map-list.svg
     • tetra_example/qtl-plot.svg
     Error: Test failures
     Execution halted
Flavor: r-release-macos-x86_64

Version: 0.2.0
Check: tests
Result: ERROR
     Running 'testthat.R' [148s]
    Running the tests in 'tests/testthat.R' failed.
    Complete output:
     > library(testthat)
     > library(vdiffr)
     > library(viewpoly)
     >
     > test_check("viewpoly")
     trying URL 'https://www.polyploids.org/sites/default/files/2022-04/tetra_MAPpoly_maps.RData'
     Content type 'unknown' length 144827 bytes (141 KB)
     ==================================================
     downloaded 141 KB
    
     trying URL 'https://www.polyploids.org/sites/default/files/2022-04/tetra_QTLpoly_data.RData'
     Content type 'unknown' length 411672226 bytes (392.6 MB)
     ===============================================
     downloaded 376.7 MB
    
     trying URL 'https://www.polyploids.org/sites/default/files/2022-04/tetra_diaQTL_scan1_list.RData'
     Content type 'unknown' length 2428586 bytes (2.3 MB)
     ==================================================
     downloaded 2.3 MB
    
     trying URL 'https://www.polyploids.org/sites/default/files/2022-04/tetra_diaQTL_scan1_summaries_list.RData'
     Content type 'unknown' length 7970380 bytes (7.6 MB)
     ==================================================
     downloaded 7.6 MB
    
     trying URL 'https://www.polyploids.org/sites/default/files/2022-04/tetra_diaQTL_fitQTL_list%20%281%29.RData'
     Content type 'unknown' length 123674133 bytes (117.9 MB)
     ==================================================
     downloaded 117.9 MB
    
     trying URL 'https://www.polyploids.org/sites/default/files/2022-04/tetra_diaQTL_BayesCI_list_0.RData'
     Content type 'unknown' length 8846 bytes
     ==================================================
     downloaded 8846 bytes
    
     trying URL 'https://www.polyploids.org/sites/default/files/2022-04/tetra_polymapR_dataset.RData'
     Content type 'unknown' length 361394 bytes (352 KB)
     ==================================================
     downloaded 352 KB
    
     trying URL 'https://www.polyploids.org/sites/default/files/2022-04/tetra_polymapR_map.RData'
     Content type 'unknown' length 43608 bytes (42 KB)
     ==================================================
     downloaded 42 KB
    
     trying URL 'https://www.polyploids.org/sites/default/files/2022-04/tetra_polyqtlR_QTLscan.RData'
     Content type 'unknown' length 3481317 bytes (3.3 MB)
     ==================================================
     downloaded 3.3 MB
    
     trying URL 'https://www.polyploids.org/sites/default/files/2022-04/tetra_polyqtlR_qtl_info.RData'
     Content type 'unknown' length 511 bytes
     ==================================================
     downloaded 511 bytes
    
     trying URL 'https://www.polyploids.org/sites/default/files/2022-04/tetra_polyqtlR_effects.RData'
     Content type 'unknown' length 6859472 bytes (6.5 MB)
     ==================================================
     downloaded 6.5 MB
    
     NULL
     [ FAIL 1 | WARN 2 | SKIP 2 | PASS 89 ]
    
     ══ Skipped tests ═══════════════════════════════════════════════════════════════
     • On CRAN (2)
    
     ══ Failed tests ════════════════════════════════════════════════════════════════
     ── Error (test-QTLpoly.R:11:3): Tests uploaded QTLpoly files ───────────────────
     Error in `download.file("https://www.polyploids.org/sites/default/files/2022-04/tetra_QTLpoly_data.RData",
     destfile = input.data$datapath)`: download from 'https://www.polyploids.org/sites/default/files/2022-04/tetra_QTLpoly_data.RData' failed
     Backtrace:
     ▆
     1. └─utils::download.file(...) at test-QTLpoly.R:11:2
    
     [ FAIL 1 | WARN 2 | SKIP 2 | PASS 89 ]
     Deleting unused snapshots:
     • tetra_example/effects-bar.svg
     • tetra_example/effects-circle.svg
     • tetra_example/effects-digenic.svg
     • tetra_example/linkage-map-draw-names.svg
     • tetra_example/plot-map-list.svg
     • tetra_example/qtl-plot.svg
     Error: Test failures
     Execution halted
Flavor: r-release-windows-x86_64

Version: 0.2.0
Check: tests
Result: ERROR
     Running ‘testthat.R’ [34s/116s]
    Running the tests in ‘tests/testthat.R’ failed.
    Last 13 lines of output:
     destfile = input.data$datapath)`: download from 'https://www.polyploids.org/sites/default/files/2022-04/tetra_QTLpoly_data.RData' failed
     Backtrace:
     ▆
     1. └─utils::download.file(...) at test-QTLpoly.R:11:2
    
     [ FAIL 1 | WARN 2 | SKIP 2 | PASS 89 ]
     Deleting unused snapshots:
     • tetra_example/effects-bar.svg
     • tetra_example/effects-circle.svg
     • tetra_example/effects-digenic.svg
     • tetra_example/linkage-map-draw-names.svg
     • tetra_example/plot-map-list.svg
     • tetra_example/qtl-plot.svg
     Error: Test failures
     Execution halted
Flavor: r-oldrel-macos-x86_64