Last updated on 2023-09-29 12:57:13 CEST.
Flavor | Version | Tinstall | Tcheck | Ttotal | Status | Flags |
---|---|---|---|---|---|---|
r-devel-linux-x86_64-debian-clang | 0.7.0 | 11.21 | 84.93 | 96.14 | NOTE | |
r-devel-linux-x86_64-debian-gcc | 0.7.0 | 8.93 | 61.53 | 70.46 | NOTE | |
r-devel-linux-x86_64-fedora-clang | 0.7.0 | 115.55 | NOTE | |||
r-devel-linux-x86_64-fedora-gcc | 0.7.0 | 110.51 | NOTE | |||
r-devel-windows-x86_64 | 0.7.0 | 11.00 | 78.00 | 89.00 | NOTE | |
r-patched-linux-x86_64 | 0.7.0 | 8.20 | 79.41 | 87.61 | OK | |
r-release-linux-x86_64 | 0.7.0 | 7.80 | 79.08 | 86.88 | OK | |
r-release-macos-arm64 | 0.7.0 | 21.00 | OK | |||
r-release-macos-x86_64 | 0.7.0 | 49.00 | OK | |||
r-release-windows-x86_64 | 0.7.0 | 15.00 | 94.00 | 109.00 | OK | |
r-oldrel-macos-arm64 | 0.7.0 | 22.00 | OK | |||
r-oldrel-macos-x86_64 | 0.7.0 | 49.00 | OK | |||
r-oldrel-windows-x86_64 | 0.7.0 | 15.00 | 95.00 | 110.00 | OK |
Version: 0.7.0
Check: Rd \usage sections
Result: NOTE
Documented arguments not in \usage in documentation object 'boxplot_VICI':
‘res_2plot’
Functions with \usage entries need to have the appropriate \alias
entries, and all their arguments documented.
The \usage entries must correspond to syntactically valid R code.
See chapter ‘Writing R documentation files’ in the ‘Writing R
Extensions’ manual.
Flavors: r-devel-linux-x86_64-debian-clang, r-devel-linux-x86_64-debian-gcc, r-devel-linux-x86_64-fedora-clang, r-devel-linux-x86_64-fedora-gcc, r-devel-windows-x86_64