CRAN Package Check Results for Package viafr

Last updated on 2021-07-23 19:50:20 CEST.

Flavor Version Tinstall Tcheck Ttotal Status Flags
r-devel-linux-x86_64-debian-clang 0.2.0 4.29 56.63 60.92 OK
r-devel-linux-x86_64-debian-gcc 0.2.0 3.37 42.61 45.98 OK
r-devel-linux-x86_64-fedora-clang 0.2.0 82.18 NOTE
r-devel-linux-x86_64-fedora-gcc 0.2.0 68.77 NOTE
r-devel-windows-x86_64 0.2.0 7.00 72.00 79.00 OK
r-devel-windows-x86_64-gcc10-UCRT 0.2.0 NOTE
r-patched-linux-x86_64 0.2.0 4.29 53.06 57.35 OK
r-patched-solaris-x86 0.2.0 104.10 NOTE
r-release-linux-x86_64 0.2.0 4.10 53.31 57.41 OK
r-release-macos-arm64 0.2.0 NOTE
r-release-macos-x86_64 0.2.0 NOTE
r-release-windows-ix86+x86_64 0.2.0 11.00 86.00 97.00 OK
r-oldrel-macos-x86_64 0.2.0 NOTE
r-oldrel-windows-ix86+x86_64 0.2.0 11.00 84.00 95.00 OK

Check Details

Version: 0.2.0
Check: data for non-ASCII characters
Result: NOTE
     Note: found 2 marked UTF-8 strings
Flavors: r-devel-linux-x86_64-fedora-clang, r-devel-linux-x86_64-fedora-gcc, r-devel-windows-x86_64-gcc10-UCRT, r-patched-solaris-x86, r-release-macos-arm64, r-release-macos-x86_64, r-oldrel-macos-x86_64