Last updated on 2025-01-23 12:55:17 CET.
Flavor | Version | Tinstall | Tcheck | Ttotal | Status | Flags |
---|---|---|---|---|---|---|
r-devel-linux-x86_64-debian-clang | 0.2.1 | 3.81 | 38.37 | 42.18 | NOTE | |
r-devel-linux-x86_64-debian-gcc | 0.2.1 | 3.13 | 28.17 | 31.30 | NOTE | |
r-devel-linux-x86_64-fedora-clang | 0.2.1 | 69.53 | OK | |||
r-devel-linux-x86_64-fedora-gcc | 0.2.1 | 65.19 | OK | |||
r-devel-windows-x86_64 | 0.2.1 | 5.00 | 61.00 | 66.00 | NOTE | |
r-patched-linux-x86_64 | 0.2.1 | 5.73 | 36.16 | 41.89 | NOTE | |
r-release-linux-x86_64 | 0.2.1 | 3.71 | 36.42 | 40.13 | NOTE | |
r-release-macos-arm64 | 0.2.1 | 21.00 | NOTE | |||
r-release-macos-x86_64 | 0.2.1 | 38.00 | NOTE | |||
r-release-windows-x86_64 | 0.2.1 | 5.00 | 60.00 | 65.00 | NOTE | |
r-oldrel-macos-arm64 | 0.2.1 | 26.00 | NOTE | |||
r-oldrel-macos-x86_64 | 0.2.1 | 35.00 | NOTE | |||
r-oldrel-windows-x86_64 | 0.2.1 | 6.00 | 61.00 | 67.00 | NOTE |
Version: 0.2.1
Check: Rd cross-references
Result: NOTE
Found the following Rd file(s) with Rd \link{} targets missing package
anchors:
blobness3D.Rd: nifti
gradient3D.Rd: nifti
hessian3D.Rd: nifti
vesselness3D.Rd: nifti
Please provide package anchors for all Rd \link{} targets not in the
package itself and the base packages.
Flavors: r-devel-linux-x86_64-debian-clang, r-devel-linux-x86_64-debian-gcc, r-devel-windows-x86_64
Version: 0.2.1
Check: LazyData
Result: NOTE
'LazyData' is specified without a 'data' directory
Flavors: r-patched-linux-x86_64, r-release-linux-x86_64, r-release-macos-arm64, r-release-macos-x86_64, r-release-windows-x86_64, r-oldrel-macos-arm64, r-oldrel-macos-x86_64, r-oldrel-windows-x86_64