CRAN Package Check Results for Package vesselr

Last updated on 2024-06-19 00:49:44 CEST.

Flavor Version Tinstall Tcheck Ttotal Status Flags
r-devel-linux-x86_64-debian-clang 0.2.1 5.17 49.46 54.63 NOTE
r-devel-linux-x86_64-debian-gcc 0.2.1 3.94 37.08 41.02 NOTE
r-devel-linux-x86_64-fedora-clang 0.2.1 71.35 NOTE
r-devel-linux-x86_64-fedora-gcc 0.2.1 63.25 NOTE
r-devel-windows-x86_64 0.2.1 4.00 58.00 62.00 NOTE
r-patched-linux-x86_64 0.2.1 6.64 47.46 54.10 NOTE
r-release-linux-x86_64 0.2.1 5.58 47.35 52.93 NOTE
r-release-macos-arm64 0.2.1 21.00 NOTE
r-release-macos-x86_64 0.2.1 38.00 NOTE
r-release-windows-x86_64 0.2.1 5.00 60.00 65.00 NOTE
r-oldrel-macos-arm64 0.2.1 26.00 NOTE
r-oldrel-macos-x86_64 0.2.1 35.00 NOTE
r-oldrel-windows-x86_64 0.2.1 7.00 65.00 72.00 NOTE

Check Details

Version: 0.2.1
Check: LazyData
Result: NOTE 'LazyData' is specified without a 'data' directory Flavors: r-devel-linux-x86_64-debian-clang, r-devel-linux-x86_64-debian-gcc, r-devel-linux-x86_64-fedora-clang, r-devel-linux-x86_64-fedora-gcc, r-devel-windows-x86_64, r-patched-linux-x86_64, r-release-linux-x86_64, r-release-macos-arm64, r-release-macos-x86_64, r-release-windows-x86_64, r-oldrel-macos-arm64, r-oldrel-macos-x86_64, r-oldrel-windows-x86_64