CRAN Package Check Results for Package vennLasso

Last updated on 2022-10-02 06:52:25 CEST.

Flavor Version Tinstall Tcheck Ttotal Status Flags
r-devel-linux-x86_64-debian-clang 0.1.6 88.17 211.19 299.36 NOTE
r-devel-linux-x86_64-debian-gcc 0.1.6 73.33 156.48 229.81 NOTE
r-devel-linux-x86_64-fedora-clang 0.1.6 387.04 NOTE
r-devel-linux-x86_64-fedora-gcc 0.1.6 388.61 NOTE
r-devel-windows-x86_64 0.1.6 67.00 256.00 323.00 NOTE
r-patched-linux-x86_64 0.1.6 76.74 199.79 276.53 NOTE
r-release-linux-x86_64 0.1.6 76.76 200.23 276.99 NOTE
r-release-macos-arm64 0.1.6 109.00 NOTE
r-release-macos-x86_64 0.1.6 139.00 NOTE
r-release-windows-x86_64 0.1.6 84.00 278.00 362.00 NOTE
r-oldrel-macos-arm64 0.1.6 116.00 NOTE
r-oldrel-macos-x86_64 0.1.6 198.00 NOTE
r-oldrel-windows-ix86+x86_64 0.1.6 179.00 315.00 494.00 NOTE

Check Details

Version: 0.1.6
Check: LazyData
Result: NOTE
     'LazyData' is specified without a 'data' directory
Flavors: r-devel-linux-x86_64-debian-clang, r-devel-linux-x86_64-debian-gcc, r-devel-linux-x86_64-fedora-clang, r-devel-linux-x86_64-fedora-gcc, r-devel-windows-x86_64, r-patched-linux-x86_64, r-release-linux-x86_64, r-release-macos-arm64, r-release-macos-x86_64, r-release-windows-x86_64, r-oldrel-macos-arm64, r-oldrel-macos-x86_64, r-oldrel-windows-ix86+x86_64

Version: 0.1.6
Check: installed package size
Result: NOTE
     installed size is 26.9Mb
     sub-directories of 1Mb or more:
     libs 26.4Mb
Flavors: r-release-macos-arm64, r-release-macos-x86_64, r-oldrel-macos-arm64, r-oldrel-macos-x86_64