CRAN Package Check Results for Package vein

Last updated on 2021-08-02 19:51:11 CEST.

Flavor Version Tinstall Tcheck Ttotal Status Flags
r-devel-linux-x86_64-debian-clang 0.9.3 33.50 418.16 451.66 OK
r-devel-linux-x86_64-debian-gcc 0.9.3 24.98 290.58 315.56 OK
r-devel-linux-x86_64-fedora-clang 0.9.3 500.64 OK
r-devel-linux-x86_64-fedora-gcc 0.9.3 502.01 OK
r-devel-windows-x86_64 0.9.3 31.00 443.00 474.00 OK
r-devel-windows-x86_64-gcc10-UCRT 0.9.3 OK
r-patched-linux-x86_64 0.9.3 OK
r-patched-solaris-x86 0.9.3 676.40 OK
r-release-linux-x86_64 0.9.3 28.77 383.81 412.58 OK
r-release-macos-arm64 0.9.3 NOTE
r-release-macos-x86_64 0.9.3 OK
r-release-windows-ix86+x86_64 0.9.3 60.00 558.00 618.00 OK
r-oldrel-macos-x86_64 0.9.3 OK
r-oldrel-windows-ix86+x86_64 0.9.3 47.00 770.00 817.00 OK

Check Details

Version: 0.9.3
Check: installed package size
Result: NOTE
     installed size is 5.4Mb
     sub-directories of 1Mb or more:
     R 4.4Mb
Flavor: r-release-macos-arm64