CRAN Package Check Results for Package vegawidget

Last updated on 2021-06-21 22:57:20 CEST.

Flavor Version Tinstall Tcheck Ttotal Status Flags
r-devel-linux-x86_64-debian-clang 0.3.2 3.98 42.87 46.85 OK
r-devel-linux-x86_64-debian-gcc 0.3.2 3.26 33.27 36.53 OK
r-devel-linux-x86_64-fedora-clang 0.3.2 63.90 NOTE
r-devel-linux-x86_64-fedora-gcc 0.3.2 55.15 OK
r-devel-windows-x86_64 0.3.2 7.00 60.00 67.00 OK
r-devel-windows-x86_64-gcc10-UCRT 0.3.2 NOTE
r-patched-linux-x86_64 0.3.2 4.84 41.02 45.86 OK
r-patched-solaris-x86 0.3.2 83.40 NOTE
r-release-linux-x86_64 0.3.2 4.21 41.10 45.31 OK
r-release-macos-arm64 0.3.2 OK
r-release-macos-x86_64 0.3.2 OK
r-release-windows-ix86+x86_64 0.3.2 8.00 61.00 69.00 OK
r-oldrel-macos-x86_64 0.3.2 OK

Check Details

Version: 0.3.2
Check: Rd cross-references
Result: NOTE
    Undeclared package ‘vctrs’ in Rd xrefs
Flavor: r-devel-linux-x86_64-fedora-clang

Version: 0.3.2
Check: package dependencies
Result: NOTE
    Packages suggested but not available for checking:
     'httr', 'usethis', 'rsconnect'
Flavor: r-devel-windows-x86_64-gcc10-UCRT

Version: 0.3.2
Check: package dependencies
Result: NOTE
    Package suggested but not available for checking: ‘rsvg’
Flavor: r-patched-solaris-x86