CRAN Package Check Results for Package vegan

Last updated on 2021-07-27 13:53:06 CEST.

Flavor Version Tinstall Tcheck Ttotal Status Flags
r-devel-linux-x86_64-debian-clang 2.5-7 39.71 328.82 368.53 OK
r-devel-linux-x86_64-debian-gcc 2.5-7 33.85 243.12 276.97 OK
r-devel-linux-x86_64-fedora-clang 2.5-7 437.63 NOTE
r-devel-linux-x86_64-fedora-gcc 2.5-7 429.83 OK
r-devel-windows-x86_64 2.5-7 63.00 391.00 454.00 OK
r-devel-windows-x86_64-gcc10-UCRT 2.5-7 OK
r-patched-linux-x86_64 2.5-7 49.76 315.24 365.00 OK
r-patched-solaris-x86 2.5-7 548.60 OK
r-release-linux-x86_64 2.5-7 35.68 313.91 349.59 OK
r-release-macos-arm64 2.5-7 NOTE
r-release-macos-x86_64 2.5-7 OK
r-release-windows-ix86+x86_64 2.5-7 75.00 442.00 517.00 OK
r-oldrel-macos-x86_64 2.5-7 OK
r-oldrel-windows-ix86+x86_64 2.5-7 59.00 505.00 564.00 OK

Check Details

Version: 2.5-7
Check: Rd cross-references
Result: NOTE
    Undeclared packages ‘ade4’, ‘cclust’, ‘bipartite’, ‘labdsv’, ‘ellipse’, ‘vegan3d’, ‘coda’, ‘maptools’, ‘ape’, ‘picante’ in Rd xrefs
Flavor: r-devel-linux-x86_64-fedora-clang

Version: 2.5-7
Check: installed package size
Result: NOTE
     installed size is 5.2Mb
     sub-directories of 1Mb or more:
     R 2.0Mb
     doc 1.3Mb
Flavor: r-release-macos-arm64