CRAN Package Check Results for Package utilityFunctionTools

Last updated on 2021-09-20 01:49:14 CEST.

Flavor Version Tinstall Tcheck Ttotal Status Flags
r-devel-linux-x86_64-debian-clang 0.1.1 9.07 71.11 80.18 OK
r-devel-linux-x86_64-debian-gcc 0.1.1 6.68 52.42 59.10 OK
r-devel-linux-x86_64-fedora-clang 0.1.1 99.01 OK
r-devel-linux-x86_64-fedora-gcc 0.1.1 87.59 OK
r-devel-windows-x86_64 0.1.1 9.00 73.00 82.00 OK
r-devel-windows-x86_64-gcc10-UCRT 0.1.1 ERROR
r-patched-linux-x86_64 0.1.1 7.97 66.00 73.97 OK
r-patched-solaris-x86 0.1.1 140.20 OK
r-release-linux-x86_64 0.1.1 8.32 65.54 73.86 OK
r-release-macos-arm64 0.1.1 OK
r-release-macos-x86_64 0.1.1 OK
r-release-windows-ix86+x86_64 0.1.1 17.00 67.00 84.00 OK
r-oldrel-macos-x86_64 0.1.1 OK
r-oldrel-windows-ix86+x86_64 0.1.1 17.00 67.00 84.00 OK

Check Details

Version: 0.1.1
Check: whether package can be installed
Result: WARN
    Found the following significant warnings:
     WARNING: installation-time patches will not be applied, could not get the patches index
Flavor: r-devel-windows-x86_64-gcc10-UCRT

Version: 0.1.1
Check: PDF version of manual
Result: WARN
    LaTeX errors when creating PDF version.
    This typically indicates Rd problems.
Flavor: r-devel-windows-x86_64-gcc10-UCRT

Version: 0.1.1
Check: PDF version of manual without hyperrefs or index
Result: ERROR
    Re-running with no redirection of stdout/stderr.
Flavor: r-devel-windows-x86_64-gcc10-UCRT