CRAN Package Check Results for Package utile.visuals

Last updated on 2021-11-26 19:53:09 CET.

Flavor Version Tinstall Tcheck Ttotal Status Flags
r-devel-linux-x86_64-debian-clang 0.3.0 4.62 46.91 51.53 NOTE
r-devel-linux-x86_64-debian-gcc 0.3.0 3.63 35.37 39.00 NOTE
r-devel-linux-x86_64-fedora-clang 0.3.0 72.02 NOTE
r-devel-linux-x86_64-fedora-gcc 0.3.0 60.04 NOTE
r-devel-windows-x86_64-new-UL 0.3.0 11.00 85.00 96.00 NOTE
r-devel-windows-x86_64-new-TK 0.3.0 NOTE
r-devel-windows-x86_64-old 0.3.0 8.00 78.00 86.00 NOTE
r-patched-linux-x86_64 0.3.0 4.15 43.15 47.30 NOTE
r-patched-solaris-x86 0.3.0 87.90 NOTE
r-release-linux-x86_64 0.3.0 NOTE
r-release-macos-arm64 0.3.0 NOTE
r-release-macos-x86_64 0.3.0 NOTE
r-release-windows-ix86+x86_64 0.3.0 13.00 52.00 65.00 NOTE
r-oldrel-macos-x86_64 0.3.0 OK
r-oldrel-windows-ix86+x86_64 0.3.0 21.00 67.00 88.00 OK

Check Details

Version: 0.3.0
Check: LazyData
Result: NOTE
     'LazyData' is specified without a 'data' directory
Flavors: r-devel-linux-x86_64-debian-clang, r-devel-linux-x86_64-debian-gcc, r-devel-linux-x86_64-fedora-clang, r-devel-linux-x86_64-fedora-gcc, r-devel-windows-x86_64-new-UL, r-devel-windows-x86_64-new-TK, r-devel-windows-x86_64-old, r-patched-linux-x86_64, r-patched-solaris-x86, r-release-linux-x86_64, r-release-macos-arm64, r-release-macos-x86_64, r-release-windows-ix86+x86_64