CRAN Package Check Results for Package usethat

Last updated on 2022-09-25 12:56:11 CEST.

Flavor Version Tinstall Tcheck Ttotal Status Flags
r-devel-linux-x86_64-debian-clang 0.3.0 2.19 32.63 34.82 NOTE
r-devel-linux-x86_64-debian-gcc 0.3.0 2.74 25.33 28.07 NOTE
r-devel-linux-x86_64-fedora-clang 0.3.0 52.39 NOTE
r-devel-linux-x86_64-fedora-gcc 0.3.0 54.38 NOTE
r-devel-windows-x86_64 0.3.0 24.00 63.00 87.00 NOTE
r-patched-linux-x86_64 0.3.0 3.31 30.47 33.78 OK
r-release-linux-x86_64 0.3.0 2.99 30.24 33.23 OK
r-release-macos-arm64 0.3.0 17.00 NOTE
r-release-macos-x86_64 0.3.0 31.00 NOTE
r-release-windows-x86_64 0.3.0 14.00 66.00 80.00 OK
r-oldrel-macos-arm64 0.3.0 21.00 NOTE
r-oldrel-macos-x86_64 0.3.0 24.00 NOTE
r-oldrel-windows-ix86+x86_64 0.3.0 8.00 58.00 66.00 OK

Check Details

Version: 0.3.0
Check: HTML version of manual
Result: NOTE
    Found the following HTML validation problems:
    add_service.html:59:1: Warning: inserting implicit <p>
    add_service.html:64:1: Warning: inserting implicit <p>
    add_service.html:73:65: Warning: inserting implicit <p>
    add_service.html:77:51: Warning: inserting implicit <p>
    use_microservice.html:57:65: Warning: inserting implicit <p>
    use_microservice.html:64:51: Warning: inserting implicit <p>
    use_microservice.html:186:1: Warning: inserting implicit <p>
Flavors: r-devel-linux-x86_64-debian-clang, r-devel-linux-x86_64-debian-gcc, r-devel-linux-x86_64-fedora-clang, r-devel-linux-x86_64-fedora-gcc, r-devel-windows-x86_64

Version: 0.3.0
Check: dependencies in R code
Result: NOTE
    Namespace in Imports field not imported from: ‘microservices’
     All declared Imports should be used.
Flavors: r-devel-linux-x86_64-fedora-clang, r-devel-linux-x86_64-fedora-gcc, r-release-macos-arm64, r-release-macos-x86_64, r-oldrel-macos-arm64, r-oldrel-macos-x86_64