CRAN Package Check Results for Package usdm

Last updated on 2021-06-15 01:50:42 CEST.

Flavor Version Tinstall Tcheck Ttotal Status Flags
r-devel-linux-x86_64-debian-clang 1.1-18 12.71 83.33 96.04 OK
r-devel-linux-x86_64-debian-gcc 1.1-18 10.17 64.61 74.78 OK
r-devel-linux-x86_64-fedora-clang 1.1-18 123.52 OK
r-devel-linux-x86_64-fedora-gcc 1.1-18 112.42 OK
r-devel-windows-x86_64 1.1-18 21.00 102.00 123.00 OK
r-devel-windows-x86_64-gcc10-UCRT 1.1-18 OK
r-patched-linux-x86_64 1.1-18 10.10 81.53 91.63 OK
r-patched-solaris-x86 1.1-18 175.00 OK
r-release-linux-x86_64 1.1-18 13.62 81.10 94.72 OK
r-release-macos-arm64 1.1-18 NOTE
r-release-macos-x86_64 1.1-18 OK
r-release-windows-ix86+x86_64 1.1-18 28.00 82.00 110.00 OK
r-oldrel-macos-x86_64 1.1-18 OK
r-oldrel-windows-ix86+x86_64 1.1-18 20.00 160.00 180.00 OK

Check Details

Version: 1.1-18
Check: package dependencies
Result: NOTE
    Package suggested but not available for checking: ‘rgdal’
Flavor: r-release-macos-arm64