Last updated on 2023-01-30 12:55:34 CET.
Flavor | Version | Tinstall | Tcheck | Ttotal | Status | Flags |
---|---|---|---|---|---|---|
r-devel-linux-x86_64-debian-clang | 1.0.1 | 2.05 | 21.92 | 23.97 | OK | |
r-devel-linux-x86_64-debian-gcc | 1.0.1 | 1.68 | 17.51 | 19.19 | OK | |
r-devel-linux-x86_64-fedora-clang | 1.0.1 | 31.78 | NOTE | |||
r-devel-linux-x86_64-fedora-gcc | 1.0.1 | 29.92 | NOTE | |||
r-devel-windows-x86_64 | 1.0.1 | 13.00 | 56.00 | 69.00 | OK | |
r-patched-linux-x86_64 | 1.0.1 | 1.76 | 22.40 | 24.16 | OK | |
r-release-linux-x86_64 | 1.0.1 | 2.15 | 22.17 | 24.32 | OK | |
r-release-macos-arm64 | 1.0.1 | 16.00 | NOTE | |||
r-release-macos-x86_64 | 1.0.1 | 24.00 | NOTE | |||
r-release-windows-x86_64 | 1.0.1 | 11.00 | 54.00 | 65.00 | OK | |
r-oldrel-macos-arm64 | 1.0.1 | 19.00 | NOTE | |||
r-oldrel-macos-x86_64 | 1.0.1 | 25.00 | NOTE | |||
r-oldrel-windows-ix86+x86_64 | 1.0.1 | 5.00 | 46.00 | 51.00 | OK |
Version: 1.0.1
Check: data for non-ASCII characters
Result: NOTE
Note: found 2 marked UTF-8 strings
Flavors: r-devel-linux-x86_64-fedora-clang, r-devel-linux-x86_64-fedora-gcc, r-release-macos-arm64, r-release-macos-x86_64, r-oldrel-macos-arm64, r-oldrel-macos-x86_64