CRAN Package Check Results for Package us.census.geoheader

Last updated on 2021-11-26 19:53:08 CET.

Flavor Version Tinstall Tcheck Ttotal Status Flags
r-devel-linux-x86_64-debian-clang 1.0.2 1.86 22.45 24.31 NOTE
r-devel-linux-x86_64-debian-gcc 1.0.2 1.62 18.04 19.66 NOTE
r-devel-linux-x86_64-fedora-clang 1.0.2 41.36 NOTE
r-devel-linux-x86_64-fedora-gcc 1.0.2 31.21 NOTE
r-devel-windows-x86_64-new-UL 1.0.2 7.00 57.00 64.00 NOTE
r-devel-windows-x86_64-new-TK 1.0.2 NOTE
r-devel-windows-x86_64-old 1.0.2 4.00 46.00 50.00 NOTE
r-patched-linux-x86_64 1.0.2 2.09 21.46 23.55 NOTE
r-patched-solaris-x86 1.0.2 48.30 NOTE
r-release-linux-x86_64 1.0.2 NOTE
r-release-macos-arm64 1.0.2 NOTE
r-release-macos-x86_64 1.0.2 NOTE
r-release-windows-ix86+x86_64 1.0.2 5.00 32.00 37.00 NOTE
r-oldrel-macos-x86_64 1.0.2 OK
r-oldrel-windows-ix86+x86_64 1.0.2 5.00 42.00 47.00 OK

Check Details

Version: 1.0.2
Check: LazyData
Result: NOTE
     'LazyData' is specified without a 'data' directory
Flavors: r-devel-linux-x86_64-debian-clang, r-devel-linux-x86_64-debian-gcc, r-devel-linux-x86_64-fedora-clang, r-devel-linux-x86_64-fedora-gcc, r-devel-windows-x86_64-new-UL, r-devel-windows-x86_64-new-TK, r-devel-windows-x86_64-old, r-patched-linux-x86_64, r-patched-solaris-x86, r-release-linux-x86_64, r-release-macos-arm64, r-release-macos-x86_64, r-release-windows-ix86+x86_64