CRAN Package Check Results for Package umx

Last updated on 2022-10-05 12:57:06 CEST.

Flavor Version Tinstall Tcheck Ttotal Status Flags
r-devel-linux-x86_64-debian-clang 4.15.1 40.38 339.35 379.73 OK
r-devel-linux-x86_64-debian-gcc 4.15.1 33.89 242.31 276.20 OK
r-devel-linux-x86_64-fedora-clang 4.15.1 362.11 NOTE
r-devel-linux-x86_64-fedora-gcc 4.15.1 470.83 OK
r-devel-windows-x86_64 4.15.1 87.00 518.00 605.00 NOTE
r-patched-linux-x86_64 4.15.1 55.02 292.33 347.35 OK
r-release-linux-x86_64 4.15.1 33.90 290.56 324.46 OK
r-release-macos-arm64 4.15.1 103.00 NOTE
r-release-macos-x86_64 4.15.1 141.00 NOTE
r-release-windows-x86_64 4.15.1 140.00 451.00 591.00 NOTE
r-oldrel-macos-arm64 4.15.1 93.00 NOTE
r-oldrel-macos-x86_64 4.15.1 141.00 NOTE
r-oldrel-windows-ix86+x86_64 4.15.1 80.00 433.00 513.00 NOTE

Check Details

Version: 4.15.1
Check: installed package size
Result: NOTE
     installed size is 5.8Mb
     sub-directories of 1Mb or more:
     help 4.3Mb
Flavors: r-devel-linux-x86_64-fedora-clang, r-devel-windows-x86_64, r-release-macos-arm64, r-release-macos-x86_64, r-release-windows-x86_64, r-oldrel-macos-arm64, r-oldrel-macos-x86_64, r-oldrel-windows-ix86+x86_64