CRAN Package Check Results for Package udapi

Last updated on 2021-08-01 07:52:10 CEST.

Flavor Version Tinstall Tcheck Ttotal Status Flags
r-devel-linux-x86_64-debian-clang 0.1.3 1.98 22.45 24.43 NOTE
r-devel-linux-x86_64-debian-gcc 0.1.3 1.48 17.88 19.36 NOTE
r-devel-linux-x86_64-fedora-clang 0.1.3 38.95 NOTE
r-devel-linux-x86_64-fedora-gcc 0.1.3 28.06 NOTE
r-devel-windows-x86_64 0.1.3 3.00 38.00 41.00 NOTE
r-devel-windows-x86_64-gcc10-UCRT 0.1.3 NOTE
r-patched-linux-x86_64 0.1.3 NOTE
r-patched-solaris-x86 0.1.3 46.40 NOTE
r-release-linux-x86_64 0.1.3 1.96 22.01 23.97 NOTE
r-release-macos-arm64 0.1.3 NOTE
r-release-macos-x86_64 0.1.3 NOTE
r-release-windows-ix86+x86_64 0.1.3 5.00 30.00 35.00 NOTE
r-oldrel-macos-x86_64 0.1.3 OK
r-oldrel-windows-ix86+x86_64 0.1.3 4.00 41.00 45.00 OK

Check Details

Version: 0.1.3
Check: LazyData
Result: NOTE
     'LazyData' is specified without a 'data' directory
Flavors: r-devel-linux-x86_64-debian-clang, r-devel-linux-x86_64-debian-gcc, r-devel-linux-x86_64-fedora-clang, r-devel-linux-x86_64-fedora-gcc, r-devel-windows-x86_64, r-devel-windows-x86_64-gcc10-UCRT, r-patched-linux-x86_64, r-patched-solaris-x86, r-release-linux-x86_64, r-release-macos-arm64, r-release-macos-x86_64, r-release-windows-ix86+x86_64