CRAN Package Check Results for Package uFTIR

Last updated on 2021-06-16 07:50:08 CEST.

Flavor Version Tinstall Tcheck Ttotal Status Flags
r-devel-linux-x86_64-debian-clang 0.1.2 162.88 124.66 287.54 OK
r-devel-linux-x86_64-debian-gcc 0.1.2 100.96 111.65 212.61 OK
r-devel-linux-x86_64-fedora-clang 0.1.2 412.78 NOTE
r-devel-linux-x86_64-fedora-gcc 0.1.2 371.57 OK
r-devel-windows-x86_64 0.1.2 214.00 288.00 502.00 NOTE
r-devel-windows-x86_64-gcc10-UCRT 0.1.2 OK
r-patched-linux-x86_64 0.1.2 120.72 142.50 263.22 OK
r-patched-solaris-x86 0.1.2 457.40 NOTE
r-release-linux-x86_64 0.1.2 126.19 141.76 267.95 OK
r-release-macos-arm64 0.1.2 NOTE
r-release-macos-x86_64 0.1.2 NOTE
r-release-windows-ix86+x86_64 0.1.2 398.00 479.00 877.00 NOTE
r-oldrel-macos-x86_64 0.1.2 NOTE
r-oldrel-windows-ix86+x86_64 0.1.2 309.00 511.00 820.00 NOTE

Check Details

Version: 0.1.2
Check: installed package size
Result: NOTE
     installed size is 7.5Mb
     sub-directories of 1Mb or more:
     data 2.0Mb
     extdata 2.3Mb
     libs 2.8Mb
Flavors: r-devel-linux-x86_64-fedora-clang, r-devel-windows-x86_64, r-patched-solaris-x86, r-release-macos-arm64, r-release-macos-x86_64, r-release-windows-ix86+x86_64, r-oldrel-macos-x86_64, r-oldrel-windows-ix86+x86_64