CRAN Package Check Results for Package twn

Last updated on 2021-11-26 19:53:08 CET.

Flavor Version Tinstall Tcheck Ttotal Status Flags
r-devel-linux-x86_64-debian-clang 0.2.0 9.03 49.94 58.97 OK
r-devel-linux-x86_64-debian-gcc 0.2.0 8.26 39.19 47.45 OK
r-devel-linux-x86_64-fedora-clang 0.2.0 84.45 NOTE
r-devel-linux-x86_64-fedora-gcc 0.2.0 71.92 NOTE
r-devel-windows-x86_64-new-UL 0.2.0 20.00 90.00 110.00 OK
r-devel-windows-x86_64-new-TK 0.2.0 NOTE
r-devel-windows-x86_64-old 0.2.0 15.00 75.00 90.00 OK
r-patched-linux-x86_64 0.2.0 9.26 47.44 56.70 OK
r-patched-solaris-x86 0.2.0 114.00 NOTE
r-release-linux-x86_64 0.2.0 OK
r-release-macos-arm64 0.2.0 NOTE
r-release-macos-x86_64 0.2.0 NOTE
r-release-windows-ix86+x86_64 0.2.0 20.00 55.00 75.00 OK
r-oldrel-macos-x86_64 0.2.0 NOTE
r-oldrel-windows-ix86+x86_64 0.2.0 44.00 72.00 116.00 OK

Check Details

Version: 0.2.0
Check: data for non-ASCII characters
Result: NOTE
     Note: found 9 marked UTF-8 strings
Flavors: r-devel-linux-x86_64-fedora-clang, r-devel-linux-x86_64-fedora-gcc, r-devel-windows-x86_64-new-TK, r-patched-solaris-x86, r-release-macos-arm64, r-release-macos-x86_64, r-oldrel-macos-x86_64