CRAN Package Check Results for Package twitteR

Last updated on 2024-05-24 12:58:21 CEST.

Flavor Version Tinstall Tcheck Ttotal Status Flags
r-devel-linux-x86_64-debian-clang 1.1.9 8.14 47.32 55.46 NOTE
r-devel-linux-x86_64-debian-gcc 1.1.9 7.11 34.95 42.06 NOTE
r-devel-linux-x86_64-fedora-clang 1.1.9 70.62 NOTE
r-devel-linux-x86_64-fedora-gcc 1.1.9 67.35 NOTE
r-devel-windows-x86_64 1.1.9 8.00 58.00 66.00 NOTE
r-patched-linux-x86_64 1.1.9 12.16 43.56 55.72 NOTE
r-release-linux-x86_64 1.1.9 8.13 45.18 53.31 NOTE
r-release-macos-arm64 1.1.9 23.00 NOTE
r-release-windows-x86_64 1.1.9 8.00 104.00 112.00 NOTE
r-oldrel-macos-arm64 1.1.9 29.00 NOTE
r-oldrel-macos-x86_64 1.1.9 36.00 NOTE
r-oldrel-windows-x86_64 1.1.9 10.00 61.00 71.00 NOTE

Check Details

Version: 1.1.9
Check: LazyData
Result: NOTE 'LazyData' is specified without a 'data' directory Flavors: r-devel-linux-x86_64-debian-clang, r-devel-linux-x86_64-debian-gcc, r-devel-linux-x86_64-fedora-clang, r-devel-linux-x86_64-fedora-gcc, r-devel-windows-x86_64, r-patched-linux-x86_64, r-release-linux-x86_64, r-release-macos-arm64, r-release-windows-x86_64, r-oldrel-macos-arm64, r-oldrel-macos-x86_64, r-oldrel-windows-x86_64