CRAN Package Check Results for Package tuneR

Last updated on 2021-09-16 07:50:13 CEST.

Flavor Version Tinstall Tcheck Ttotal Status Flags
r-devel-linux-x86_64-debian-clang 1.3.3.1 17.51 60.94 78.45 OK
r-devel-linux-x86_64-debian-gcc 1.3.3.1 10.88 45.95 56.83 OK
r-devel-linux-x86_64-fedora-clang 1.3.3.1 99.19 OK
r-devel-linux-x86_64-fedora-gcc 1.3.3.1 87.04 OK
r-devel-windows-x86_64 1.3.3.1 20.00 82.00 102.00 OK
r-devel-windows-x86_64-gcc10-UCRT 1.3.3.1 OK
r-patched-linux-x86_64 1.3.3.1 17.11 57.92 75.03 OK
r-patched-solaris-x86 1.3.3.1 109.50 OK
r-release-linux-x86_64 1.3.3.1 13.17 57.50 70.67 OK
r-release-macos-arm64 1.3.3.1 OK
r-release-macos-x86_64 1.3.3.1 WARN
r-release-windows-ix86+x86_64 1.3.3.1 38.00 79.00 117.00 OK
r-oldrel-macos-x86_64 1.3.3.1 WARN
r-oldrel-windows-ix86+x86_64 1.3.3.1 31.00 102.00 133.00 OK

Additional issues

clang-UBSAN

Check Details

Version: 1.3.3.1
Check: whether package can be installed
Result: WARN
    Found the following significant warnings:
     frame.c:147:21: warning: result of comparison of constant 4 with expression of type 'enum mad_layer' is always false [-Wtautological-constant-out-of-range-compare]
Flavors: r-release-macos-x86_64, r-oldrel-macos-x86_64