CRAN Package Check Results for Package tune

Last updated on 2022-12-10 07:04:51 CET.

Flavor Version Tinstall Tcheck Ttotal Status Flags
r-devel-linux-x86_64-debian-clang 1.0.1 22.87 196.43 219.30 OK
r-devel-linux-x86_64-debian-gcc 1.0.1 21.10 148.47 169.57 OK
r-devel-linux-x86_64-fedora-clang 1.0.1 306.10 NOTE
r-devel-linux-x86_64-fedora-gcc 1.0.1 298.34 OK
r-devel-windows-x86_64 1.0.1 94.00 236.00 330.00 OK
r-patched-linux-x86_64 1.0.1 19.37 168.48 187.85 OK
r-release-linux-x86_64 1.0.1 16.69 170.10 186.79 OK
r-release-macos-arm64 1.0.1 76.00 OK
r-release-macos-x86_64 1.0.1 92.00 OK
r-release-windows-x86_64 1.0.1 103.00 203.00 306.00 OK
r-oldrel-macos-arm64 1.0.1 72.00 OK
r-oldrel-macos-x86_64 1.0.1 92.00 OK
r-oldrel-windows-ix86+x86_64 1.0.1 51.00 199.00 250.00 OK

Check Details

Version: 1.0.1
Check: package dependencies
Result: NOTE
    Imports includes 22 non-default packages.
    Importing from so many packages makes the package vulnerable to any of
    them becoming unavailable. Move as many as possible to Suggests and
    use conditionally.
Flavor: r-devel-linux-x86_64-fedora-clang