CRAN Package Check Results for Package tuber

Last updated on 2022-09-27 21:54:05 CEST.

Flavor Version Tinstall Tcheck Ttotal Status Flags
r-devel-linux-x86_64-debian-clang 0.9.9 6.12 69.79 75.91 NOTE
r-devel-linux-x86_64-debian-gcc 0.9.9 6.20 51.39 57.59 NOTE
r-devel-linux-x86_64-fedora-clang 0.9.9 112.40 NOTE
r-devel-linux-x86_64-fedora-gcc 0.9.9 99.00 NOTE
r-devel-windows-x86_64 0.9.9 28.00 115.00 143.00 NOTE
r-patched-linux-x86_64 0.9.9 10.79 64.13 74.92 NOTE
r-release-linux-x86_64 0.9.9 5.50 63.45 68.95 NOTE
r-release-macos-arm64 0.9.9 28.00 NOTE
r-release-macos-x86_64 0.9.9 55.00 NOTE
r-release-windows-x86_64 0.9.9 25.00 105.00 130.00 NOTE
r-oldrel-macos-arm64 0.9.9 32.00 NOTE
r-oldrel-macos-x86_64 0.9.9 42.00 NOTE
r-oldrel-windows-ix86+x86_64 0.9.9 17.00 95.00 112.00 NOTE

Check Details

Version: 0.9.9
Check: LazyData
Result: NOTE
     'LazyData' is specified without a 'data' directory
Flavors: r-devel-linux-x86_64-debian-clang, r-devel-linux-x86_64-debian-gcc, r-devel-linux-x86_64-fedora-clang, r-devel-linux-x86_64-fedora-gcc, r-devel-windows-x86_64, r-patched-linux-x86_64, r-release-linux-x86_64, r-release-macos-arm64, r-release-macos-x86_64, r-release-windows-x86_64, r-oldrel-macos-arm64, r-oldrel-macos-x86_64, r-oldrel-windows-ix86+x86_64